{"id":17097,"date":"2022-01-03T14:10:00","date_gmt":"2022-01-03T13:10:00","guid":{"rendered":"https:\/\/mirabel-baiedecayola.com\/?post_type=hebergement&#038;p=17097"},"modified":"2026-03-19T15:07:57","modified_gmt":"2026-03-19T14:07:57","slug":"ferienwohnung-maisonette-fur-6-personen-2-zimmer","status":"publish","type":"hebergement","link":"https:\/\/mirabel-baiedecayola.com\/de\/hebergement\/appartement-duplex-6-pers-2\/","title":{"rendered":"Duplex-Wohnung 6 Pers."},"content":{"rendered":"<p><\/p>\n\n\n\n<div class=\"wp-block-columns is-layout-flex wp-container-core-columns-is-layout-28f84493 wp-block-columns-is-layout-flex\">\n<div class=\"wp-block-column is-layout-flow wp-block-column-is-layout-flow\" style=\"flex-basis:65%\">\n<p>Dies ist eine 90 m\u00b2 gro\u00dfe Maisonette-Wohnung<sup>2<\/sup> ist ein h\u00fcbsches, liebevoll eingerichtetes Nest! Sein atemberaubender Meerblick wird Sie tr\u00e4umen lassen, besonders angesichts der wundersch\u00f6nen Sonnenunterg\u00e4nge. Komplett ausgestattet bietet es 3 sch\u00f6ne Schlafzimmer, 2 flexibel nutzbare Betten von 80x200 pro Zimmer lassen Ihnen die Wahl, ob Sie sie zusammenstellen m\u00f6chten oder nicht. Es verf\u00fcgt \u00fcber ein Badezimmer mit Waschbecken und ebenerdiger Dusche, eine separate Toilette sowie einen Wohnbereich mit Wohnzimmer\/Esszimmer und eine K\u00fcche mit Geschirrsp\u00fcler und gro\u00dfem Backofen f\u00fcr Ihren gr\u00f6\u00dften Komfort. <br>Eine Wohnung auf einem Campingplatz ausw\u00e4hlen, <strong>etzt Komfort mit den Dienstleistungen und Annehmlichkeiten eines Campingplatzes <\/strong>! <\/p>\n\n\n\n<p>Ihre <strong>Privatterrasse<\/strong> erm\u00f6glicht es Ihnen, die Sonne im Windschatten zu genie\u00dfen! Lust auf Grillen? <strong>Die elektrische Plancha <\/strong>wird in Ihrer Miete enthalten sein und Sie verw\u00f6hnen, was gibt es Sch\u00f6neres, als diese guten Zeiten mit Familie oder Freunden zu genie\u00dfen! <br><\/p>\n<\/div>\n\n\n\n<div class=\"wp-block-column is-layout-flow wp-block-column-is-layout-flow\" style=\"flex-basis:35%\">\n<div class=\"wp-block-group has-border-color has-turquoise-border-color is-layout-constrained wp-container-core-group-is-layout-a666d811 wp-block-group-is-layout-constrained\" style=\"border-width:1px;border-radius:4px;padding-top:var(--wp--preset--spacing--40);padding-right:var(--wp--preset--spacing--40);padding-bottom:var(--wp--preset--spacing--40);padding-left:var(--wp--preset--spacing--40)\">\n<p class=\"has-text-align-center\"><strong>In der Nebensaison<\/strong><br>Vermietung von mindestens 2 N\u00e4chten<\/p>\n\n\n\n<figure class=\"wp-block-image aligncenter size-full mt-0\"><img loading=\"lazy\" decoding=\"async\" width=\"51\" height=\"8\" src=\"https:\/\/www.campinglarenaudiere.com\/wp-content\/uploads\/2022\/01\/barre-orange.png\" alt=\"\" class=\"wp-image-2726\"\/><\/figure>\n\n\n\n<p class=\"has-text-align-center\" style=\"margin-top:var(--wp--preset--spacing--30);margin-right:0;margin-bottom:0;margin-left:0\"><strong>Im Sommer<\/strong><br>Mindestens 7 N\u00e4chte<br>An-\/Abreise Mittwoch oder Samstag<br><\/p>\n<\/div>\n<\/div>\n<\/div>\n\n\n<p><ctv-product data-product-id=\"87896\" data-full=\"true\" ><\/ctv-product><\/p>\n\n\n\t\t<ctv-availability data-background-color=\"#FFFFFFFF\" data-begin-day=\"6\" data-product-id=\"87896\" data-month=\"6\" data-show-full-months=\"true\"><\/ctv-availability>\r\n\t\t\n\n\n\n<p class=\"has-medium-font-size\" style=\"margin-top:0;margin-right:0;margin-bottom:0;margin-left:0\"><strong>Ihre Wohnungsmiete in Les Sables d'Olonne<\/strong><\/p>\n\n\n\n<figure class=\"wp-block-image size-full\"><img loading=\"lazy\" decoding=\"async\" width=\"50\" height=\"8\" src=\"https:\/\/www.campinglarenaudiere.com\/wp-content\/uploads\/2022\/01\/barre-bleue.png\" alt=\"\" class=\"wp-image-2627\"\/><\/figure>\n\n\n\t\t<ctv-availability data-background-color=\"#FFFFFFFF\" data-begin-day=\"3\" data-product-id=\"87896\" data-month=\"7\" data-show-full-months=\"false\"><\/ctv-availability>","protected":false},"parent":0,"menu_order":3,"template":"","class_list":["post-17097","hebergement","type-hebergement","status-publish","hentry"],"_links":{"self":[{"href":"https:\/\/mirabel-baiedecayola.com\/de\/wp-json\/wp\/v2\/hebergement\/17097","targetHints":{"allow":["GET"]}}],"collection":[{"href":"https:\/\/mirabel-baiedecayola.com\/de\/wp-json\/wp\/v2\/hebergement"}],"about":[{"href":"https:\/\/mirabel-baiedecayola.com\/de\/wp-json\/wp\/v2\/types\/hebergement"}],"version-history":[{"count":4,"href":"https:\/\/mirabel-baiedecayola.com\/de\/wp-json\/wp\/v2\/hebergement\/17097\/revisions"}],"predecessor-version":[{"id":17104,"href":"https:\/\/mirabel-baiedecayola.com\/de\/wp-json\/wp\/v2\/hebergement\/17097\/revisions\/17104"}],"wp:attachment":[{"href":"https:\/\/mirabel-baiedecayola.com\/de\/wp-json\/wp\/v2\/media?parent=17097"}],"curies":[{"name":"wp","href":"https:\/\/api.w.org\/{rel}","templated":true}]}}

<p></p>



<div class="wp-block-columns is-layout-flex wp-container-core-columns-is-layout-28f84493 wp-block-columns-is-layout-flex">
<div class="wp-block-column is-layout-flow wp-block-column-is-layout-flow" style="flex-basis:65%">
<p>Dies ist eine 90 m² große Maisonette-Wohnung<sup>2</sup> ist ein hübsches, liebevoll eingerichtetes Nest! Sein atemberaubender Meerblick wird Sie träumen lassen, besonders angesichts der wunderschönen Sonnenuntergänge. Komplett ausgestattet bietet es 3 schöne Schlafzimmer, 2 flexibel nutzbare Betten von 80x200 pro Zimmer lassen Ihnen die Wahl, ob Sie sie zusammenstellen möchten oder nicht. Es verfügt über ein Badezimmer mit Waschbecken und ebenerdiger Dusche, eine separate Toilette sowie einen Wohnbereich mit Wohnzimmer/Esszimmer und eine Küche mit Geschirrspüler und großem Backofen für Ihren größten Komfort. <br>Eine Wohnung auf einem Campingplatz auswählen, <strong>etzt Komfort mit den Dienstleistungen und Annehmlichkeiten eines Campingplatzes </strong>! </p>



<p>Ihre <strong>Privatterrasse</strong> ermöglicht es Ihnen, die Sonne im Windschatten zu genießen! Lust auf Grillen? <strong>Die elektrische Plancha </strong>wird in Ihrer Miete enthalten sein und Sie verwöhnen, was gibt es Schöneres, als diese guten Zeiten mit Familie oder Freunden zu genießen! <br></p>
</div>



<div class="wp-block-column is-layout-flow wp-block-column-is-layout-flow" style="flex-basis:35%">
<div class="wp-block-group has-border-color has-turquoise-border-color is-layout-constrained wp-container-core-group-is-layout-a666d811 wp-block-group-is-layout-constrained" style="border-width:1px;border-radius:4px;padding-top:var(--wp--preset--spacing--40);padding-right:var(--wp--preset--spacing--40);padding-bottom:var(--wp--preset--spacing--40);padding-left:var(--wp--preset--spacing--40)">
<p class="has-text-align-center"><strong>In der Nebensaison</strong><br>Vermietung von mindestens 2 Nächten</p>



<figure class="wp-block-image aligncenter size-full mt-0"><img loading="lazy" decoding="async" width="51" height="8" src="https://www.campinglarenaudiere.com/wp-content/uploads/2022/01/barre-orange.png" alt="" class="wp-image-2726"/></figure>



<p class="has-text-align-center" style="margin-top:var(--wp--preset--spacing--30);margin-right:0;margin-bottom:0;margin-left:0"><strong>Im Sommer</strong><br>Mindestens 7 Nächte<br>An-/Abreise Mittwoch oder Samstag<br></p>
</div>
</div>
</div>


<p><ctv-product data-product-id="87896" data-full="true" ></ctv-product></p>


		<ctv-availability data-background-color="#FFFFFFFF" data-begin-day="6" data-product-id="87896" data-month="6" data-show-full-months="true"></ctv-availability>
		



<p class="has-medium-font-size" style="margin-top:0;margin-right:0;margin-bottom:0;margin-left:0"><strong>Ihre Wohnungsmiete in Les Sables d'Olonne</strong></p>



<figure class="wp-block-image size-full"><img loading="lazy" decoding="async" width="50" height="8" src="https://www.campinglarenaudiere.com/wp-content/uploads/2022/01/barre-bleue.png" alt="" class="wp-image-2627"/></figure>


		<ctv-availability data-background-color="#FFFFFFFF" data-begin-day="3" data-product-id="87896" data-month="7" data-show-full-months="false"></ctv-availability>
