{"id":16387,"date":"2024-05-31T17:27:20","date_gmt":"2024-05-31T15:27:20","guid":{"rendered":"https:\/\/mirabel-baiedecayola.com\/?page_id=16387"},"modified":"2025-11-07T16:38:30","modified_gmt":"2025-11-07T15:38:30","slug":"das-vendee-coeur","status":"publish","type":"page","link":"https:\/\/mirabel-baiedecayola.com\/de\/le-vendee-coeur\/","title":{"rendered":"Das Vend\u00e9e-Herz"},"content":{"rendered":"<h1 class=\"wp-block-heading\" id=\"les-plages-du-debarquement-en-normandie-terre-de-liberte\"><strong>Mirabel unterst\u00fctzt Le Vend\u00e9e Coeur - die Solidarit\u00e4tsveranstaltung in Sables d'Olonne<\/strong><\/h1>\n\n\n\n<div class=\"wp-block-group is-layout-flow wp-block-group-is-layout-flow\">\n<p class=\"has-text-align-center\">Der Campingplatz La Baie de Cayola setzt sich f\u00fcr die f\u00fcnfte Ausgabe des Vend\u00e9e Coeur ein<\/p>\n\n\n\n<figure class=\"wp-block-image aligncenter size-full is-resized\"><img decoding=\"async\" src=\"https:\/\/www.mirabel-baiedecayola.com\/wp-content\/uploads\/2022\/01\/barre-bleue.png\" alt=\"\" class=\"wp-image-2382\" style=\"width:50px;height:8px\"\/><\/figure>\n<\/div>\n\n\n\n<div class=\"wp-block-media-text alignwide has-media-on-the-right is-stacked-on-mobile is-vertically-aligned-center is-image-fill-element is-style-default\"><div class=\"wp-block-media-text__content\">\n<p class=\"texte-rond has-orange-color has-text-color has-large-font-size\" id=\"de-belles-histoires-a-vous-raconter\">Was ist Vend\u00e9e Coeur?<\/p>\n\n\n\n<p>In diesem Jahr trafen wir uns mit den Verantwortlichen des Vereins <a href=\"https:\/\/vendee.coeur-fde.fr\/\" target=\"_blank\" rel=\"noreferrer noopener\">Vend\u00e9e Coeur<\/a>. L\u2019<strong>solidarisches, sportliches und musikalisches Ereignis<\/strong> unterst\u00fctzt eine sehr sch\u00f6ne Sache: kranken Kindern ein L\u00e4cheln ins Gesicht zu zaubern. Jedes Jahr sammelt Vend\u00e9e Coeur Spenden, die an Vereine weiterverteilt werden.&nbsp;<\/p>\n\n\n\n<p>Im Jahr 2024 werden drei Vereine durch die Veranstaltung unterst\u00fctzt. Der Verein <strong>Seilschaften<\/strong> wurde aufgrund seines Engagements f\u00fcr kranke Kinder im Krankenhaus ausgew\u00e4hlt. Der Verein bietet im Krankenhaus Einf\u00fchrungen in den Sport an. Ein Teil der Spenden geht auch an AVLC, die\u2019<strong>Association Vend\u00e9enne de Lutte contre le Cancer (Verein zur Krebsbek\u00e4mpfung in der Vend\u00e9e)<\/strong> und <strong>Der Camino de l'Espoi<\/strong>r, die Kindern mit motorischen oder sensorischen Schwierigkeiten hilft. Wir waren von der Sache und dem Geist der Gro\u00dfz\u00fcgigkeit und Geselligkeit der Veranstaltung ber\u00fchrt. Der Campingplatz und sein gesamtes Team freuen sich, zu <strong>Partner von Vend\u00e9e Coeur<\/strong> !<\/p>\n<\/div><figure class=\"wp-block-media-text__media\"><a href=\"https:\/\/vendee.coeur-fde.fr\/faire-un-don\"><img loading=\"lazy\" decoding=\"async\" width=\"600\" height=\"400\" src=\"https:\/\/mirabel-baiedecayola.com\/wp-content\/uploads\/2024\/05\/logo-vendee-coeur.jpg\" alt=\"vendee coeur le sport solidaire\" class=\"wp-image-16407 size-full\" style=\"object-position:50% 50%\" srcset=\"https:\/\/mirabel-baiedecayola.com\/wp-content\/uploads\/2024\/05\/logo-vendee-coeur.jpg 600w, https:\/\/mirabel-baiedecayola.com\/wp-content\/uploads\/2024\/05\/logo-vendee-coeur-300x200.jpg 300w\" sizes=\"auto, (max-width: 600px) 100vw, 600px\" \/><\/a><\/figure><\/div>\n\n\n\n<div style=\"height:40px\" aria-hidden=\"true\" class=\"wp-block-spacer\"><\/div>\n\n\n\n<div class=\"wp-block-media-text alignwide is-stacked-on-mobile is-vertically-aligned-center is-image-fill-element animate front-page-section grey\"><figure class=\"wp-block-media-text__media\"><a href=\"https:\/\/vendee.coeur-fde.fr\/faire-un-don\"><img loading=\"lazy\" decoding=\"async\" width=\"600\" height=\"407\" src=\"https:\/\/mirabel-baiedecayola.com\/wp-content\/uploads\/2024\/05\/course-dons-vendee-coeur.jpg\" alt=\"\" class=\"wp-image-16399 size-full\" style=\"object-position:50% 50%\" srcset=\"https:\/\/mirabel-baiedecayola.com\/wp-content\/uploads\/2024\/05\/course-dons-vendee-coeur.jpg 600w, https:\/\/mirabel-baiedecayola.com\/wp-content\/uploads\/2024\/05\/course-dons-vendee-coeur-300x204.jpg 300w\" sizes=\"auto, (max-width: 600px) 100vw, 600px\" \/><\/a><\/figure><div class=\"wp-block-media-text__content\">\n<h2 class=\"wp-block-heading\" id=\"une-ville-active-pour-vos-achats-et-vos-sorties\"><strong><strong>Startschuss f\u00fcr den Spendenlauf <\/strong><\/strong>!<\/h2>\n\n\n\n<figure class=\"wp-block-image size-full\"><img decoding=\"async\" src=\"https:\/\/www.mirabel-baiedecayola.com\/wp-content\/uploads\/2022\/01\/barre-bleue.png\" alt=\"\" class=\"wp-image-2382\"\/><\/figure>\n\n\n\n<p>Sie werden ein wenig Stand up Paddling \u00fcben m\u00fcssen, um ein Team zu bilden und am Staffellauf teilzunehmen. In der Zwischenzeit beginnen wir also damit, die Veranstaltung finanziell zu unterst\u00fctzen.<\/p>\n\n\n\n<p>Camping Reverse <strong>10 Euro als Spende an Vend\u00e9e Coeur<\/strong> f\u00fcr alle Buchungen zwischen dem 13. und dem 16. Juni 2024. W\u00e4hlen Sie Ihren <a href=\"https:\/\/mirabel-baiedecayola.com\/de\/vermietung-wohnung-les-sables-d-olonne\/\" target=\"_blank\" rel=\"noreferrer noopener\">Wohnung<\/a> in der N\u00e4he von Les Sables und Sie beteiligen sich ebenfalls an dieser Sache, die uns sehr am Herzen liegt.<\/p>\n\n\n\n<p>Code, der bei der Online-Buchung hinzugef\u00fcgt werden muss : <strong>VENDEE COEUR<\/strong><\/p>\n<\/div><\/div>\n\n\n\n<div class=\"wp-block-media-text alignwide has-media-on-the-right is-stacked-on-mobile is-vertically-aligned-center is-image-fill-element is-style-default\"><div class=\"wp-block-media-text__content\">\n<h2 class=\"wp-block-heading\" id=\"les-cimetieres-en-hommage-a-nos-liberateurs\"><strong><strong><strong>Auf dem Programm von Vend\u00e9e Coeur<\/strong><\/strong><\/strong><\/h2>\n\n\n\n<figure class=\"wp-block-image size-full\"><img decoding=\"async\" src=\"https:\/\/www.mirabel-baiedecayola.com\/wp-content\/uploads\/2022\/01\/barre-bleue.png\" alt=\"\" class=\"wp-image-2382\"\/><\/figure>\n\n\n\n<p>Sport und Unterhaltung w\u00e4hrend 24H an zwei Tagen, am 15. und 16. Juni.<\/p>\n\n\n\n<p>Und vor allem Freude und gute Laune w\u00e4hrend dieser festlichen und partizipativen Veranstaltung!<\/p>\n\n\n\n<p><strong>Samstag, 15. Juni&nbsp;<\/strong><\/p>\n\n\n\n<ul class=\"wp-block-list\">\n<li>13 Uhr - Start des 24-Stunden-Stand Up Paddle-Rennens<\/li>\n\n\n\n<li>Von 18h bis 22h - 3 Solidarit\u00e4tskonzerte<\/li>\n<\/ul>\n\n\n\n<p><\/p>\n\n\n\n<p><strong>Sonntag, 16. Juni&nbsp;<\/strong><\/p>\n\n\n\n<ul class=\"wp-block-list\">\n<li>um Mitternacht - DJ-Set mit DJ Paerel&nbsp;<\/li>\n\n\n\n<li>10 Uhr - Umzug der Fanfare Saugrenue<\/li>\n<\/ul>\n<\/div><figure class=\"wp-block-media-text__media\"><img loading=\"lazy\" decoding=\"async\" width=\"600\" height=\"530\" src=\"https:\/\/mirabel-baiedecayola.com\/wp-content\/uploads\/2024\/05\/affiche-vendee-coeur-2024.jpg\" alt=\"24H Stand Up Paddle im Vend\u00e9e Coeur\" class=\"wp-image-16403 size-full\" style=\"object-position:50% 50%\" srcset=\"https:\/\/mirabel-baiedecayola.com\/wp-content\/uploads\/2024\/05\/affiche-vendee-coeur-2024.jpg 600w, https:\/\/mirabel-baiedecayola.com\/wp-content\/uploads\/2024\/05\/affiche-vendee-coeur-2024-300x265.jpg 300w\" sizes=\"auto, (max-width: 600px) 100vw, 600px\" \/><\/figure><\/div>\n\n\n\n<p class=\"has-text-align-center texte-rond mt-5 has-large-font-size\">Was es auf dem Campingplatz zu entdecken gibt<\/p>\n\n\n\n<div class=\"wp-block-columns front-page-section grey is-layout-flex wp-container-core-columns-is-layout-28f84493 wp-block-columns-is-layout-flex\">\n<div class=\"wp-block-column is-layout-flow wp-block-column-is-layout-flow\"><\/div>\n\n\n\n<div class=\"wp-block-column is-vertically-aligned-center is-layout-flow wp-block-column-is-layout-flow\">\n<div class=\"wp-block-create-block-sevgutenberg-navigation\"><aside class=\"encart-sev-navigation small carre\"><a href=\"https:\/\/mirabel-baiedecayola.com\/de\/animationen-juli-august\/\" class=\"d-flex flex-column align-items-center\"><div class=\"encart-title\"><span>Animationen<\/span><\/div><div class=\"vague\"><\/div><img decoding=\"async\" src=\"https:\/\/www.mirabel-baiedecayola.com\/wp-content\/uploads\/2022\/04\/HEADER_ANIMATION_OLYMPIADES_CAYOLA-1.jpg\" alt=\"animationen auf dem campingplatz in der vend\u00e9e\"\/><div class=\"ligne\"><\/div><div class=\"hover\"><\/div><\/a><\/aside><\/div>\n<\/div>\n\n\n\n<div class=\"wp-block-column is-layout-flow wp-block-column-is-layout-flow\">\n<div class=\"wp-block-create-block-sevgutenberg-navigation\"><aside class=\"encart-sev-navigation small carre\"><a href=\"https:\/\/mirabel-baiedecayola.com\/de\/camping-les-sables-dolonne\/\" class=\"d-flex flex-column align-items-center\"><div class=\"encart-title\"><span>Les Sables d'Olonne<\/span><\/div><div class=\"vague\"><\/div><img decoding=\"async\" src=\"https:\/\/www.mirabel-baiedecayola.com\/wp-content\/uploads\/2022\/04\/restaurant-sur-la-plage-sables-dolonne.jpg\" alt=\"restaurant bar am strand von les sables d&#039;olonne\"\/><div class=\"ligne\"><\/div><div class=\"hover\"><\/div><\/a><\/aside><\/div>\n<\/div>\n\n\n\n<div class=\"wp-block-column is-layout-flow wp-block-column-is-layout-flow\">\n<div class=\"wp-block-create-block-sevgutenberg-navigation\"><aside class=\"encart-sev-navigation small carre\"><a href=\"https:\/\/mirabel-baiedecayola.com\/de\/camping-vendee-services-4-sterne\/\" class=\"d-flex flex-column align-items-center\"><div class=\"encart-title\"><span>Unsere Dienstleistungen<\/span><\/div><div class=\"vague\"><\/div><img decoding=\"async\" src=\"https:\/\/www.mirabel-baiedecayola.com\/wp-content\/uploads\/2022\/04\/accueil-reception-vacanciers.jpg\" alt=\"accueil camping ***\"\/><div class=\"ligne\"><\/div><div class=\"hover\"><\/div><\/a><\/aside><\/div>\n<\/div>\n\n\n\n<div class=\"wp-block-column is-layout-flow wp-block-column-is-layout-flow\"><\/div>\n<\/div>","protected":false},"excerpt":{"rendered":"<p>Mirabel soutient Le Vend\u00e9e C\u0153ur &#8211; l&rsquo;\u00e9v\u00e8nement solidaire des Sables d&rsquo;Olonne Le camping La Baie de Cayola se mobilise pour [&hellip;]<\/p>\n","protected":false},"author":4,"featured_media":0,"parent":0,"menu_order":0,"comment_status":"closed","ping_status":"closed","template":"","meta":{"_seopress_robots_primary_cat":"","_seopress_titles_title":"Mirabel soutient Le Vend\u00e9e C\u0153ur - l'\u00e9v\u00e8nement solidaire des Sables d'Olonne","_seopress_titles_desc":"","_seopress_robots_index":"","footnotes":""},"class_list":["post-16387","page","type-page","status-publish","hentry"],"_links":{"self":[{"href":"https:\/\/mirabel-baiedecayola.com\/de\/wp-json\/wp\/v2\/pages\/16387","targetHints":{"allow":["GET"]}}],"collection":[{"href":"https:\/\/mirabel-baiedecayola.com\/de\/wp-json\/wp\/v2\/pages"}],"about":[{"href":"https:\/\/mirabel-baiedecayola.com\/de\/wp-json\/wp\/v2\/types\/page"}],"author":[{"embeddable":true,"href":"https:\/\/mirabel-baiedecayola.com\/de\/wp-json\/wp\/v2\/users\/4"}],"replies":[{"embeddable":true,"href":"https:\/\/mirabel-baiedecayola.com\/de\/wp-json\/wp\/v2\/comments?post=16387"}],"version-history":[{"count":16,"href":"https:\/\/mirabel-baiedecayola.com\/de\/wp-json\/wp\/v2\/pages\/16387\/revisions"}],"predecessor-version":[{"id":17351,"href":"https:\/\/mirabel-baiedecayola.com\/de\/wp-json\/wp\/v2\/pages\/16387\/revisions\/17351"}],"wp:attachment":[{"href":"https:\/\/mirabel-baiedecayola.com\/de\/wp-json\/wp\/v2\/media?parent=16387"}],"curies":[{"name":"wp","href":"https:\/\/api.w.org\/{rel}","templated":true}]}}

Das Vendée-Herz

<h1 class="wp-block-heading" id="les-plages-du-debarquement-en-normandie-terre-de-liberte"><strong>Mirabel unterstützt Le Vendée Coeur - die Solidaritätsveranstaltung in Sables d'Olonne</strong></h1>



<div class="wp-block-group is-layout-flow wp-block-group-is-layout-flow">
<p class="has-text-align-center">Der Campingplatz La Baie de Cayola setzt sich für die fünfte Ausgabe des Vendée Coeur ein</p>



<figure class="wp-block-image aligncenter size-full is-resized"><img decoding="async" src="https://www.mirabel-baiedecayola.com/wp-content/uploads/2022/01/barre-bleue.png" alt="" class="wp-image-2382" style="width:50px;height:8px"/></figure>
</div>



<div class="wp-block-media-text alignwide has-media-on-the-right is-stacked-on-mobile is-vertically-aligned-center is-image-fill-element is-style-default"><div class="wp-block-media-text__content">
<p class="texte-rond has-orange-color has-text-color has-large-font-size" id="de-belles-histoires-a-vous-raconter">Was ist Vendée Coeur?</p>



<p>In diesem Jahr trafen wir uns mit den Verantwortlichen des Vereins <a href="https://vendee.coeur-fde.fr/" target="_blank" rel="noreferrer noopener">Vendée Coeur</a>. L’<strong>solidarisches, sportliches und musikalisches Ereignis</strong> unterstützt eine sehr schöne Sache: kranken Kindern ein Lächeln ins Gesicht zu zaubern. Jedes Jahr sammelt Vendée Coeur Spenden, die an Vereine weiterverteilt werden.&nbsp;</p>



<p>Im Jahr 2024 werden drei Vereine durch die Veranstaltung unterstützt. Der Verein <strong>Seilschaften</strong> wurde aufgrund seines Engagements für kranke Kinder im Krankenhaus ausgewählt. Der Verein bietet im Krankenhaus Einführungen in den Sport an. Ein Teil der Spenden geht auch an AVLC, die’<strong>Association Vendéenne de Lutte contre le Cancer (Verein zur Krebsbekämpfung in der Vendée)</strong> und <strong>Der Camino de l'Espoi</strong>r, die Kindern mit motorischen oder sensorischen Schwierigkeiten hilft. Wir waren von der Sache und dem Geist der Großzügigkeit und Geselligkeit der Veranstaltung berührt. Der Campingplatz und sein gesamtes Team freuen sich, zu <strong>Partner von Vendée Coeur</strong> !</p>
</div><figure class="wp-block-media-text__media"><a href="https://vendee.coeur-fde.fr/faire-un-don"><img loading="lazy" decoding="async" width="600" height="400" src="https://mirabel-baiedecayola.com/wp-content/uploads/2024/05/logo-vendee-coeur.jpg" alt="vendee coeur le sport solidaire" class="wp-image-16407 size-full" style="object-position:50% 50%" srcset="https://mirabel-baiedecayola.com/wp-content/uploads/2024/05/logo-vendee-coeur.jpg 600w, https://mirabel-baiedecayola.com/wp-content/uploads/2024/05/logo-vendee-coeur-300x200.jpg 300w" sizes="auto, (max-width: 600px) 100vw, 600px" /></a></figure></div>



<div style="height:40px" aria-hidden="true" class="wp-block-spacer"></div>



<div class="wp-block-media-text alignwide is-stacked-on-mobile is-vertically-aligned-center is-image-fill-element animate front-page-section grey"><figure class="wp-block-media-text__media"><a href="https://vendee.coeur-fde.fr/faire-un-don"><img loading="lazy" decoding="async" width="600" height="407" src="https://mirabel-baiedecayola.com/wp-content/uploads/2024/05/course-dons-vendee-coeur.jpg" alt="" class="wp-image-16399 size-full" style="object-position:50% 50%" srcset="https://mirabel-baiedecayola.com/wp-content/uploads/2024/05/course-dons-vendee-coeur.jpg 600w, https://mirabel-baiedecayola.com/wp-content/uploads/2024/05/course-dons-vendee-coeur-300x204.jpg 300w" sizes="auto, (max-width: 600px) 100vw, 600px" /></a></figure><div class="wp-block-media-text__content">
<h2 class="wp-block-heading" id="une-ville-active-pour-vos-achats-et-vos-sorties"><strong><strong>Startschuss für den Spendenlauf </strong></strong>!</h2>



<figure class="wp-block-image size-full"><img decoding="async" src="https://www.mirabel-baiedecayola.com/wp-content/uploads/2022/01/barre-bleue.png" alt="" class="wp-image-2382"/></figure>



<p>Sie werden ein wenig Stand up Paddling üben müssen, um ein Team zu bilden und am Staffellauf teilzunehmen. In der Zwischenzeit beginnen wir also damit, die Veranstaltung finanziell zu unterstützen.</p>



<p>Camping Reverse <strong>10 Euro als Spende an Vendée Coeur</strong> für alle Buchungen zwischen dem 13. und dem 16. Juni 2024. Wählen Sie Ihren <a href="https://mirabel-baiedecayola.com/de/vermietung-wohnung-les-sables-d-olonne/" target="_blank" rel="noreferrer noopener">Wohnung</a> in der Nähe von Les Sables und Sie beteiligen sich ebenfalls an dieser Sache, die uns sehr am Herzen liegt.</p>



<p>Code, der bei der Online-Buchung hinzugefügt werden muss : <strong>VENDEE COEUR</strong></p>
</div></div>



<div class="wp-block-media-text alignwide has-media-on-the-right is-stacked-on-mobile is-vertically-aligned-center is-image-fill-element is-style-default"><div class="wp-block-media-text__content">
<h2 class="wp-block-heading" id="les-cimetieres-en-hommage-a-nos-liberateurs"><strong><strong><strong>Auf dem Programm von Vendée Coeur</strong></strong></strong></h2>



<figure class="wp-block-image size-full"><img decoding="async" src="https://www.mirabel-baiedecayola.com/wp-content/uploads/2022/01/barre-bleue.png" alt="" class="wp-image-2382"/></figure>



<p>Sport und Unterhaltung während 24H an zwei Tagen, am 15. und 16. Juni.</p>



<p>Und vor allem Freude und gute Laune während dieser festlichen und partizipativen Veranstaltung!</p>



<p><strong>Samstag, 15. Juni&nbsp;</strong></p>



<ul class="wp-block-list">
<li>13 Uhr - Start des 24-Stunden-Stand Up Paddle-Rennens</li>



<li>Von 18h bis 22h - 3 Solidaritätskonzerte</li>
</ul>



<p></p>



<p><strong>Sonntag, 16. Juni&nbsp;</strong></p>



<ul class="wp-block-list">
<li>um Mitternacht - DJ-Set mit DJ Paerel&nbsp;</li>



<li>10 Uhr - Umzug der Fanfare Saugrenue</li>
</ul>
</div><figure class="wp-block-media-text__media"><img loading="lazy" decoding="async" width="600" height="530" src="https://mirabel-baiedecayola.com/wp-content/uploads/2024/05/affiche-vendee-coeur-2024.jpg" alt="24H Stand Up Paddle im Vendée Coeur" class="wp-image-16403 size-full" style="object-position:50% 50%" srcset="https://mirabel-baiedecayola.com/wp-content/uploads/2024/05/affiche-vendee-coeur-2024.jpg 600w, https://mirabel-baiedecayola.com/wp-content/uploads/2024/05/affiche-vendee-coeur-2024-300x265.jpg 300w" sizes="auto, (max-width: 600px) 100vw, 600px" /></figure></div>



<p class="has-text-align-center texte-rond mt-5 has-large-font-size">Was es auf dem Campingplatz zu entdecken gibt</p>



<div class="wp-block-columns front-page-section grey is-layout-flex wp-container-core-columns-is-layout-28f84493 wp-block-columns-is-layout-flex">
<div class="wp-block-column is-layout-flow wp-block-column-is-layout-flow"></div>



<div class="wp-block-column is-vertically-aligned-center is-layout-flow wp-block-column-is-layout-flow">
<div class="wp-block-create-block-sevgutenberg-navigation"><aside class="encart-sev-navigation small carre"><a href="https://mirabel-baiedecayola.com/de/animationen-juli-august/" class="d-flex flex-column align-items-center"><div class="encart-title"><span>Animationen</span></div><div class="vague"></div><img decoding="async" src="https://www.mirabel-baiedecayola.com/wp-content/uploads/2022/04/HEADER_ANIMATION_OLYMPIADES_CAYOLA-1.jpg" alt="animationen auf dem campingplatz in der vendée"/><div class="ligne"></div><div class="hover"></div></a></aside></div>
</div>



<div class="wp-block-column is-layout-flow wp-block-column-is-layout-flow">
<div class="wp-block-create-block-sevgutenberg-navigation"><aside class="encart-sev-navigation small carre"><a href="https://mirabel-baiedecayola.com/de/camping-les-sables-dolonne/" class="d-flex flex-column align-items-center"><div class="encart-title"><span>Les Sables d'Olonne</span></div><div class="vague"></div><img decoding="async" src="https://www.mirabel-baiedecayola.com/wp-content/uploads/2022/04/restaurant-sur-la-plage-sables-dolonne.jpg" alt="restaurant bar am strand von les sables d&#039;olonne"/><div class="ligne"></div><div class="hover"></div></a></aside></div>
</div>



<div class="wp-block-column is-layout-flow wp-block-column-is-layout-flow">
<div class="wp-block-create-block-sevgutenberg-navigation"><aside class="encart-sev-navigation small carre"><a href="https://mirabel-baiedecayola.com/de/camping-vendee-services-4-sterne/" class="d-flex flex-column align-items-center"><div class="encart-title"><span>Unsere Dienstleistungen</span></div><div class="vague"></div><img decoding="async" src="https://www.mirabel-baiedecayola.com/wp-content/uploads/2022/04/accueil-reception-vacanciers.jpg" alt="accueil camping ***"/><div class="ligne"></div><div class="hover"></div></a></aside></div>
</div>



<div class="wp-block-column is-layout-flow wp-block-column-is-layout-flow"></div>
</div>

<p>Mirabel soutient Le Vendée Cœur &#8211; l&rsquo;évènement solidaire des Sables d&rsquo;Olonne Le camping La Baie de Cayola se mobilise pour [&hellip;]</p>

Mirabel soutient Le Vendée Cœur - l'évènement solidaire des Sables d'Olonne
