{"id":87,"date":"2021-12-10T14:32:29","date_gmt":"2021-12-10T13:32:29","guid":{"rendered":"https:\/\/www.campinglarenaudiere.com\/?page_id=87"},"modified":"2025-03-26T13:52:25","modified_gmt":"2025-03-26T12:52:25","slug":"rechtliche-hinweise","status":"publish","type":"page","link":"https:\/\/mirabel-baiedecayola.com\/de\/mentions-legales\/","title":{"rendered":"Impressum"},"content":{"rendered":"<h1 class=\"wp-block-heading\">Impressum<\/h1>\n\n\n\n<div class=\"wp-block-columns is-layout-flex wp-container-core-columns-is-layout-28f84493 wp-block-columns-is-layout-flex\">\n<div class=\"wp-block-column is-layout-flow wp-block-column-is-layout-flow\">\n<h2 class=\"wp-block-heading\">Wer sind wir?<\/h2>\n\n\n\n<h3 class=\"wp-block-heading\">Herausgeber<\/h3>\n\n\n\n<p>CAYOLA<\/p>\n\n\n\n<p>Stammkapital: 80.000 \u20ac<br>Siret: 431 810 332 000 20<br>APE-Code: 5530Z<br>Handelsregister: La Roche-sur-Yon B 431 810 332<br>Innergemeinschaftliche Mehrwertsteuer: FR82 431810332<br>4-Sterne-Ranking<br>Hauptsitz: 17 Promenade de Cayola, 85180 LES SABLES D'OLONNE<br>Telefon-Nr.: 02 51 22 00 09<br>E-Mail: cayola@mirabel-campings.com<\/p>\n\n\n\n<h3 class=\"wp-block-heading\">Leiter der Ver\u00f6ffentlichung<\/h3>\n\n\n\n<p>Marion LENEVEU<\/p>\n<\/div>\n\n\n\n<div class=\"wp-block-column is-layout-flow wp-block-column-is-layout-flow\">\n<h3 class=\"wp-block-heading\">Technische &amp; grafische Umsetzung :<\/h3>\n\n\n\n<p>SEV \/ West-Kommunikation<\/p>\n\n\n\n<p>123 bd Louis blanc, Loconum\u00e9rique Halle 2<br>85000 La Roche sur Yon<br>Tel.: 02 51 20 30 40<br>E-Mail: contact@ouest-communication.com<br>Website :&nbsp;<a href=\"https:\/\/www.ouest-communication.com\/\" target=\"_blank\" rel=\"noreferrer noopener\">https:\/\/www.ouest-communication.com\/<\/a><\/p>\n\n\n\n<h3 class=\"wp-block-heading\">Hosting der Website :<\/h3>\n\n\n\n<p>OVH<br>2 rue Kellermann<br>59100 Roubaix<\/p>\n<\/div>\n<\/div>\n\n\n\n<h2 class=\"wp-block-heading\">Verwendung der gesammelten pers\u00f6nlichen Daten<\/h2>\n\n\n\n<p>Ihre pers\u00f6nlichen Daten werden nur im Rahmen der Gesch\u00e4ftsbeziehung zwischen Ihnen und dem Herausgeber \u00abCAYOLA\u00bb verwendet.<\/p>\n\n\n\n<p>Ohne Ihre ausdr\u00fcckliche Zustimmung werden Ihre Daten nicht an Dritte weitergegeben.<\/p>\n\n\n\n<h3 class=\"wp-block-heading\">Kontaktformulare<\/h3>\n\n\n\n<p>Die durch die Formulare gesammelten Informationen werden in einer EDV-Datei gespeichert, um Informationen anzufordern und die Gesch\u00e4ftsbeziehung zu pflegen, die sich daraus ergeben kann. Sie k\u00f6nnen Ihr Recht auf Zugang zu Ihren pers\u00f6nlichen Daten aus\u00fcben, indem Sie Folgendes tun&nbsp;<a href=\"https:\/\/mirabel-baiedecayola.com\/de\/rechtliche-hinweise\/\">das daf\u00fcr vorgesehene Formular<\/a>.<\/p>\n\n\n\n<h3 class=\"wp-block-heading\">Cookies<\/h3>\n\n\n\n<p>Wenn Sie einen Kommentar auf unserer Website abgeben, wird Ihnen angeboten, Ihren Namen, Ihre E-Mail-Adresse und Ihre Website in Cookies zu speichern. Dies dient lediglich Ihrer Bequemlichkeit, damit Sie diese Informationen nicht eingeben m\u00fcssen, wenn Sie sp\u00e4ter einen weiteren Kommentar abgeben. Diese Cookies laufen nach einem Jahr ab.<\/p>\n\n\n\n<p>Wenn Sie ein Konto haben und sich auf dieser Website anmelden, wird ein tempor\u00e4res Cookie erstellt, um festzustellen, ob Ihr Browser Cookies akzeptiert. Es enth\u00e4lt keine personenbezogenen Daten und wird automatisch gel\u00f6scht, wenn Sie Ihren Browser schlie\u00dfen.<\/p>\n\n\n\n<p>Zu statistischen Zwecken verwendet diese Website Cookies, die Informationen \u00fcber die von Ihnen besuchten Seiten sammeln sollen. Sie speichern insbesondere anonyme Informationen vor allem \u00fcber Ihre geografische Position, Ihren Browser usw...<\/p>\n\n\n\n<h3 class=\"wp-block-heading\">Medien<\/h3>\n\n\n\n<p>Wenn Sie ein registrierter Nutzer oder eine registrierte Nutzerin sind und Bilder auf die Website hochladen, empfehlen wir Ihnen, keine Bilder hochzuladen, die EXIF-Daten von GPS-Koordinaten enthalten. Die Besucher Ihrer Website k\u00f6nnen aus diesen Bildern Standortdaten herunterladen und extrahieren.<\/p>\n\n\n\n<h3 class=\"wp-block-heading\">Von anderen Seiten eingebettete Inhalte<\/h3>\n\n\n\n<p>Die Artikel auf dieser Website k\u00f6nnen eingebettete Inhalte enthalten (z. B. Videos, Bilder, Artikel ...). Von anderen Websites eingebettete Inhalte verhalten sich genauso, als w\u00fcrde der Besucher diese andere Website besuchen.<\/p>\n\n\n\n<p>Diese Websites k\u00f6nnten Daten \u00fcber Sie sammeln, Cookies verwenden, Tracking-Tools von Drittanbietern einbetten und Ihre Interaktionen mit diesen eingebetteten Inhalten verfolgen, wenn Sie ein angemeldetes Konto auf ihrer Website haben.<\/p>\n\n\n\n<h2 class=\"wp-block-heading\">Speicherfristen f\u00fcr Ihre Daten<\/h2>\n\n\n\n<p>Wenn Sie einen Kommentar hinterlassen, werden der Kommentar und seine Metadaten auf unbestimmte Zeit gespeichert. Dadurch werden nachfolgende Kommentare automatisch erkannt und genehmigt, anstatt sie in der Moderationswarteschlange zu belassen.<\/p>\n\n\n\n<p>F\u00fcr Nutzerinnen und Nutzer, die sich auf unserer Website registrieren (sofern dies m\u00f6glich ist), speichern wir auch die in ihrem Profil angegebenen pers\u00f6nlichen Daten. Alle Nutzerinnen und Nutzer k\u00f6nnen ihre pers\u00f6nlichen Informationen (mit Ausnahme ihres Benutzernamens) jederzeit einsehen, \u00e4ndern oder l\u00f6schen. Auch die Verwalter der Website k\u00f6nnen diese Informationen einsehen und \u00e4ndern.<\/p>\n\n\n\n<h2 class=\"wp-block-heading\">Die Rechte, die Sie \u00fcber Ihre Daten haben<\/h2>\n\n\n\n<p>Wenn Sie ein Benutzerkonto haben oder Kommentare auf der Website hinterlassen haben, k\u00f6nnen Sie eine Datei anfordern, die alle personenbezogenen Daten enth\u00e4lt, die wir \u00fcber Sie gespeichert haben, einschlie\u00dflich der Daten, die Sie uns zur Verf\u00fcgung gestellt haben. Sie k\u00f6nnen auch verlangen, dass die personenbezogenen Daten \u00fcber Sie gel\u00f6scht werden. Dies gilt nicht f\u00fcr Daten, die zu administrativen, rechtlichen oder Sicherheitszwecken gespeichert werden.<\/p>\n\n\n\n<h2 class=\"wp-block-heading\" id=\"coordonnees-mediateur-a-la-consommation\">Kontaktdaten Verbraucherombudsmann<\/h2>\n\n\n\n<p>Gem\u00e4\u00df den Bestimmungen des Verbraucherschutzgesetzes (Artikel L.111-1 und L.612-1 des Verbraucherschutzgesetzes) \u00fcber das Verfahren zur Schlichtung von Verbraucherrechtsstreitigkeiten \u00bb, hat der Kunde das Recht, den von der Einrichtung angebotenen Schlichtungsdienst kostenlos in Anspruch zu nehmen.<\/p>\n\n\n\n<h2 class=\"wp-block-heading\">Bildnachweis<\/h2>\n\n\n\n<p>Copyright Roland OZIEL alle Rechte vorbehalten Fotos aus der Vend\u00e9e <a href=\"https:\/\/www.photo-vendee.com\" target=\"_blank\" rel=\"noreferrer noopener\">https:\/\/www.photo-vendee.com<\/a><\/p>\n\n\n\n<div class=\"wp-block-columns is-layout-flex wp-container-core-columns-is-layout-28f84493 wp-block-columns-is-layout-flex\">\n<div class=\"wp-block-column is-layout-flow wp-block-column-is-layout-flow\" style=\"flex-basis:33.34%\">\n<figure class=\"wp-block-image size-full\"><a href=\"https:\/\/www.vendeecamping.com\/\" target=\"_blank\" rel=\" noreferrer noopener\"><img loading=\"lazy\" decoding=\"async\" width=\"128\" height=\"128\" src=\"https:\/\/mirabel-baiedecayola.com\/wp-content\/uploads\/2025\/02\/Vendee-Camping-128px.png\" alt=\"Campingpl\u00e4tze Vend\u00e9e\" class=\"wp-image-17067\"\/><\/a><\/figure>\n<\/div>\n\n\n\n<div class=\"wp-block-column is-layout-flow wp-block-column-is-layout-flow\" style=\"flex-basis:33.34%\">\n<figure class=\"wp-block-image size-full\"><a href=\"https:\/\/vacances-en-vendee.com\/\" target=\"_blank\" rel=\" noreferrer noopener\"><img loading=\"lazy\" decoding=\"async\" width=\"128\" height=\"128\" src=\"https:\/\/mirabel-baiedecayola.com\/wp-content\/uploads\/2025\/02\/Logo-Vacances-en-Vendee-128px.png\" alt=\"Urlaub Vend\u00e9e\" class=\"wp-image-17070\"\/><\/a><\/figure>\n<\/div>\n\n\n\n<div class=\"wp-block-column is-layout-flow wp-block-column-is-layout-flow\" style=\"flex-basis:33.33%\">\n<figure class=\"wp-block-image size-full\"><a href=\"https:\/\/camping-sablesdolonne.com\/\" target=\"_blank\" rel=\" noreferrer noopener\"><img loading=\"lazy\" decoding=\"async\" width=\"128\" height=\"128\" src=\"https:\/\/mirabel-baiedecayola.com\/wp-content\/uploads\/2025\/02\/Logo-Campings-les-Sables-dOlonne-128px.png\" alt=\"Urlaub Les Sables d&#039;Olonne\" class=\"wp-image-17073\"\/><\/a><\/figure>\n<\/div>\n<\/div>\n\n\n\n<p><\/p>","protected":false},"excerpt":{"rendered":"<p>Mentions l\u00e9gales Qui sommes-nous&nbsp;? \u00c9diteur CAYOLA Capital social : 80 000 \u20acSiret : 431 810 332 000 20Code APE : [&hellip;]<\/p>\n","protected":false},"author":3,"featured_media":0,"parent":0,"menu_order":0,"comment_status":"closed","ping_status":"closed","template":"","meta":{"_seopress_robots_primary_cat":"","_seopress_titles_title":"Mentions l\u00e9gales du site Web - La Baie de Cayola ****","_seopress_titles_desc":"Mentions l\u00e9gales - notre camping r\u00e9sidentiel avec ses 4 \u00e9toiles vous accueille aux Sables d'Olonne pour vos futures vacances en Vend\u00e9e.","_seopress_robots_index":"","footnotes":""},"class_list":["post-87","page","type-page","status-publish","hentry"],"_links":{"self":[{"href":"https:\/\/mirabel-baiedecayola.com\/de\/wp-json\/wp\/v2\/pages\/87","targetHints":{"allow":["GET"]}}],"collection":[{"href":"https:\/\/mirabel-baiedecayola.com\/de\/wp-json\/wp\/v2\/pages"}],"about":[{"href":"https:\/\/mirabel-baiedecayola.com\/de\/wp-json\/wp\/v2\/types\/page"}],"author":[{"embeddable":true,"href":"https:\/\/mirabel-baiedecayola.com\/de\/wp-json\/wp\/v2\/users\/3"}],"replies":[{"embeddable":true,"href":"https:\/\/mirabel-baiedecayola.com\/de\/wp-json\/wp\/v2\/comments?post=87"}],"version-history":[{"count":10,"href":"https:\/\/mirabel-baiedecayola.com\/de\/wp-json\/wp\/v2\/pages\/87\/revisions"}],"predecessor-version":[{"id":17136,"href":"https:\/\/mirabel-baiedecayola.com\/de\/wp-json\/wp\/v2\/pages\/87\/revisions\/17136"}],"wp:attachment":[{"href":"https:\/\/mirabel-baiedecayola.com\/de\/wp-json\/wp\/v2\/media?parent=87"}],"curies":[{"name":"wp","href":"https:\/\/api.w.org\/{rel}","templated":true}]}}

<h1 class="wp-block-heading">Impressum</h1>



<div class="wp-block-columns is-layout-flex wp-container-core-columns-is-layout-28f84493 wp-block-columns-is-layout-flex">
<div class="wp-block-column is-layout-flow wp-block-column-is-layout-flow">
<h2 class="wp-block-heading">Wer sind wir?</h2>



<h3 class="wp-block-heading">Herausgeber</h3>



<p>CAYOLA</p>



<p>Stammkapital: 80.000 €<br>Siret: 431 810 332 000 20<br>APE-Code: 5530Z<br>Handelsregister: La Roche-sur-Yon B 431 810 332<br>Innergemeinschaftliche Mehrwertsteuer: FR82 431810332<br>4-Sterne-Ranking<br>Hauptsitz: 17 Promenade de Cayola, 85180 LES SABLES D'OLONNE<br>Telefon-Nr.: 02 51 22 00 09<br>E-Mail: cayola@mirabel-campings.com</p>



<h3 class="wp-block-heading">Leiter der Veröffentlichung</h3>



<p>Marion LENEVEU</p>
</div>



<div class="wp-block-column is-layout-flow wp-block-column-is-layout-flow">
<h3 class="wp-block-heading">Technische &amp; grafische Umsetzung :</h3>



<p>SEV / West-Kommunikation</p>



<p>123 bd Louis blanc, Loconumérique Halle 2<br>85000 La Roche sur Yon<br>Tel.: 02 51 20 30 40<br>E-Mail: contact@ouest-communication.com<br>Website :&nbsp;<a href="https://www.ouest-communication.com/" target="_blank" rel="noreferrer noopener">https://www.ouest-communication.com/</a></p>



<h3 class="wp-block-heading">Hosting der Website :</h3>



<p>OVH<br>2 rue Kellermann<br>59100 Roubaix</p>
</div>
</div>



<h2 class="wp-block-heading">Verwendung der gesammelten persönlichen Daten</h2>



<p>Ihre persönlichen Daten werden nur im Rahmen der Geschäftsbeziehung zwischen Ihnen und dem Herausgeber «CAYOLA» verwendet.</p>



<p>Ohne Ihre ausdrückliche Zustimmung werden Ihre Daten nicht an Dritte weitergegeben.</p>



<h3 class="wp-block-heading">Kontaktformulare</h3>



<p>Die durch die Formulare gesammelten Informationen werden in einer EDV-Datei gespeichert, um Informationen anzufordern und die Geschäftsbeziehung zu pflegen, die sich daraus ergeben kann. Sie können Ihr Recht auf Zugang zu Ihren persönlichen Daten ausüben, indem Sie Folgendes tun&nbsp;<a href="https://mirabel-baiedecayola.com/de/rechtliche-hinweise/">das dafür vorgesehene Formular</a>.</p>



<h3 class="wp-block-heading">Cookies</h3>



<p>Wenn Sie einen Kommentar auf unserer Website abgeben, wird Ihnen angeboten, Ihren Namen, Ihre E-Mail-Adresse und Ihre Website in Cookies zu speichern. Dies dient lediglich Ihrer Bequemlichkeit, damit Sie diese Informationen nicht eingeben müssen, wenn Sie später einen weiteren Kommentar abgeben. Diese Cookies laufen nach einem Jahr ab.</p>



<p>Wenn Sie ein Konto haben und sich auf dieser Website anmelden, wird ein temporäres Cookie erstellt, um festzustellen, ob Ihr Browser Cookies akzeptiert. Es enthält keine personenbezogenen Daten und wird automatisch gelöscht, wenn Sie Ihren Browser schließen.</p>



<p>Zu statistischen Zwecken verwendet diese Website Cookies, die Informationen über die von Ihnen besuchten Seiten sammeln sollen. Sie speichern insbesondere anonyme Informationen vor allem über Ihre geografische Position, Ihren Browser usw...</p>



<h3 class="wp-block-heading">Medien</h3>



<p>Wenn Sie ein registrierter Nutzer oder eine registrierte Nutzerin sind und Bilder auf die Website hochladen, empfehlen wir Ihnen, keine Bilder hochzuladen, die EXIF-Daten von GPS-Koordinaten enthalten. Die Besucher Ihrer Website können aus diesen Bildern Standortdaten herunterladen und extrahieren.</p>



<h3 class="wp-block-heading">Von anderen Seiten eingebettete Inhalte</h3>



<p>Die Artikel auf dieser Website können eingebettete Inhalte enthalten (z. B. Videos, Bilder, Artikel ...). Von anderen Websites eingebettete Inhalte verhalten sich genauso, als würde der Besucher diese andere Website besuchen.</p>



<p>Diese Websites könnten Daten über Sie sammeln, Cookies verwenden, Tracking-Tools von Drittanbietern einbetten und Ihre Interaktionen mit diesen eingebetteten Inhalten verfolgen, wenn Sie ein angemeldetes Konto auf ihrer Website haben.</p>



<h2 class="wp-block-heading">Speicherfristen für Ihre Daten</h2>



<p>Wenn Sie einen Kommentar hinterlassen, werden der Kommentar und seine Metadaten auf unbestimmte Zeit gespeichert. Dadurch werden nachfolgende Kommentare automatisch erkannt und genehmigt, anstatt sie in der Moderationswarteschlange zu belassen.</p>



<p>Für Nutzerinnen und Nutzer, die sich auf unserer Website registrieren (sofern dies möglich ist), speichern wir auch die in ihrem Profil angegebenen persönlichen Daten. Alle Nutzerinnen und Nutzer können ihre persönlichen Informationen (mit Ausnahme ihres Benutzernamens) jederzeit einsehen, ändern oder löschen. Auch die Verwalter der Website können diese Informationen einsehen und ändern.</p>



<h2 class="wp-block-heading">Die Rechte, die Sie über Ihre Daten haben</h2>



<p>Wenn Sie ein Benutzerkonto haben oder Kommentare auf der Website hinterlassen haben, können Sie eine Datei anfordern, die alle personenbezogenen Daten enthält, die wir über Sie gespeichert haben, einschließlich der Daten, die Sie uns zur Verfügung gestellt haben. Sie können auch verlangen, dass die personenbezogenen Daten über Sie gelöscht werden. Dies gilt nicht für Daten, die zu administrativen, rechtlichen oder Sicherheitszwecken gespeichert werden.</p>



<h2 class="wp-block-heading" id="coordonnees-mediateur-a-la-consommation">Kontaktdaten Verbraucherombudsmann</h2>



<p>Gemäß den Bestimmungen des Verbraucherschutzgesetzes (Artikel L.111-1 und L.612-1 des Verbraucherschutzgesetzes) über das Verfahren zur Schlichtung von Verbraucherrechtsstreitigkeiten », hat der Kunde das Recht, den von der Einrichtung angebotenen Schlichtungsdienst kostenlos in Anspruch zu nehmen.</p>



<h2 class="wp-block-heading">Bildnachweis</h2>



<p>Copyright Roland OZIEL alle Rechte vorbehalten Fotos aus der Vendée <a href="https://www.photo-vendee.com" target="_blank" rel="noreferrer noopener">https://www.photo-vendee.com</a></p>



<div class="wp-block-columns is-layout-flex wp-container-core-columns-is-layout-28f84493 wp-block-columns-is-layout-flex">
<div class="wp-block-column is-layout-flow wp-block-column-is-layout-flow" style="flex-basis:33.34%">
<figure class="wp-block-image size-full"><a href="https://www.vendeecamping.com/" target="_blank" rel=" noreferrer noopener"><img loading="lazy" decoding="async" width="128" height="128" src="https://mirabel-baiedecayola.com/wp-content/uploads/2025/02/Vendee-Camping-128px.png" alt="Campingplätze Vendée" class="wp-image-17067"/></a></figure>
</div>



<div class="wp-block-column is-layout-flow wp-block-column-is-layout-flow" style="flex-basis:33.34%">
<figure class="wp-block-image size-full"><a href="https://vacances-en-vendee.com/" target="_blank" rel=" noreferrer noopener"><img loading="lazy" decoding="async" width="128" height="128" src="https://mirabel-baiedecayola.com/wp-content/uploads/2025/02/Logo-Vacances-en-Vendee-128px.png" alt="Urlaub Vendée" class="wp-image-17070"/></a></figure>
</div>



<div class="wp-block-column is-layout-flow wp-block-column-is-layout-flow" style="flex-basis:33.33%">
<figure class="wp-block-image size-full"><a href="https://camping-sablesdolonne.com/" target="_blank" rel=" noreferrer noopener"><img loading="lazy" decoding="async" width="128" height="128" src="https://mirabel-baiedecayola.com/wp-content/uploads/2025/02/Logo-Campings-les-Sables-dOlonne-128px.png" alt="Urlaub Les Sables d&#039;Olonne" class="wp-image-17073"/></a></figure>
</div>
</div>



<p></p>

<p>Mentions légales Qui sommes-nous&nbsp;? Éditeur CAYOLA Capital social : 80 000 €Siret : 431 810 332 000 20Code APE : [&hellip;]</p>

Mentions légales du site Web - La Baie de Cayola ****

Mentions légales - notre camping résidentiel avec ses 4 étoiles vous accueille aux Sables d'Olonne pour vos futures vacances en Vendée.
