{"id":16387,"date":"2024-05-31T17:27:20","date_gmt":"2024-05-31T15:27:20","guid":{"rendered":"https:\/\/mirabel-baiedecayola.com\/?page_id=16387"},"modified":"2025-11-07T16:38:30","modified_gmt":"2025-11-07T15:38:30","slug":"le-vendee-coeur","status":"publish","type":"page","link":"https:\/\/mirabel-baiedecayola.com\/en\/le-vendee-coeur\/","title":{"rendered":"The Vend\u00e9e C\u0153ur"},"content":{"rendered":"<h1 class=\"wp-block-heading\" id=\"les-plages-du-debarquement-en-normandie-terre-de-liberte\"><strong>Mirabel supports Le Vend\u00e9e C\u0153ur - the solidarity event in Les Sables d'Olonne<\/strong><\/h1>\n\n\n\n<div class=\"wp-block-group is-layout-flow wp-block-group-is-layout-flow\">\n<p class=\"has-text-align-center\">La Baie de Cayola campsite rallies for the fifth Vend\u00e9e Coeur event<\/p>\n\n\n\n<figure class=\"wp-block-image aligncenter size-full is-resized\"><img decoding=\"async\" src=\"https:\/\/www.mirabel-baiedecayola.com\/wp-content\/uploads\/2022\/01\/barre-bleue.png\" alt=\"\" class=\"wp-image-2382\" style=\"width:50px;height:8px\"\/><\/figure>\n<\/div>\n\n\n\n<div class=\"wp-block-media-text alignwide has-media-on-the-right is-stacked-on-mobile is-vertically-aligned-center is-image-fill-element is-style-default\"><div class=\"wp-block-media-text__content\">\n<p class=\"texte-rond has-orange-color has-text-color has-large-font-size\" id=\"de-belles-histoires-a-vous-raconter\">What is the Vend\u00e9e C\u0153ur?<\/p>\n\n\n\n<p>This year, we met with the heads of the association <a href=\"https:\/\/vendee.coeur-fde.fr\/\" target=\"_blank\" rel=\"noreferrer noopener\">Vend\u00e9e Coeur<\/a>. L\u2019<strong>sports, music and solidarity event<\/strong> supports a very worthy cause: putting smiles back on the faces of sick children. Every year, Vend\u00e9e C\u0153ur collects donations which are redistributed to various associations.&nbsp;<\/p>\n\n\n\n<p>In 2024, 3 associations are supported by the event. The association <strong>premiers de cord\u00e9e<\/strong> was chosen for its commitment to hospitalized sick children. The association offers sports initiations in hospitals. Part of the proceeds will also go to AVLC, the\u2019<strong>Association Vend\u00e9enne de Lutte contre le Cancer (Vend\u00e9e Cancer Association)<\/strong> and <strong>The Camino de l'Espoi<\/strong>r, which helps children with motor or sensory difficulties. We were touched by the cause and the spirit of generosity and conviviality of the event. The campsite and its entire team are delighted to become <strong>partner of Vend\u00e9e C\u0153ur<\/strong> !<\/p>\n<\/div><figure class=\"wp-block-media-text__media\"><a href=\"https:\/\/vendee.coeur-fde.fr\/faire-un-don\"><img loading=\"lazy\" decoding=\"async\" width=\"600\" height=\"400\" src=\"https:\/\/mirabel-baiedecayola.com\/wp-content\/uploads\/2024\/05\/logo-vendee-coeur.jpg\" alt=\"vendee coeur le sport solidaire\" class=\"wp-image-16407 size-full\" style=\"object-position:50% 50%\" srcset=\"https:\/\/mirabel-baiedecayola.com\/wp-content\/uploads\/2024\/05\/logo-vendee-coeur.jpg 600w, https:\/\/mirabel-baiedecayola.com\/wp-content\/uploads\/2024\/05\/logo-vendee-coeur-300x200.jpg 300w\" sizes=\"auto, (max-width: 600px) 100vw, 600px\" \/><\/a><\/figure><\/div>\n\n\n\n<div style=\"height:40px\" aria-hidden=\"true\" class=\"wp-block-spacer\"><\/div>\n\n\n\n<div class=\"wp-block-media-text alignwide is-stacked-on-mobile is-vertically-aligned-center is-image-fill-element animate front-page-section grey\"><figure class=\"wp-block-media-text__media\"><a href=\"https:\/\/vendee.coeur-fde.fr\/faire-un-don\"><img loading=\"lazy\" decoding=\"async\" width=\"600\" height=\"407\" src=\"https:\/\/mirabel-baiedecayola.com\/wp-content\/uploads\/2024\/05\/course-dons-vendee-coeur.jpg\" alt=\"\" class=\"wp-image-16399 size-full\" style=\"object-position:50% 50%\" srcset=\"https:\/\/mirabel-baiedecayola.com\/wp-content\/uploads\/2024\/05\/course-dons-vendee-coeur.jpg 600w, https:\/\/mirabel-baiedecayola.com\/wp-content\/uploads\/2024\/05\/course-dons-vendee-coeur-300x204.jpg 300w\" sizes=\"auto, (max-width: 600px) 100vw, 600px\" \/><\/a><\/figure><div class=\"wp-block-media-text__content\">\n<h2 class=\"wp-block-heading\" id=\"une-ville-active-pour-vos-achats-et-vos-sorties\"><strong><strong>The race for donations is on <\/strong><\/strong>!<\/h2>\n\n\n\n<figure class=\"wp-block-image size-full\"><img decoding=\"async\" src=\"https:\/\/www.mirabel-baiedecayola.com\/wp-content\/uploads\/2022\/01\/barre-bleue.png\" alt=\"\" class=\"wp-image-2382\"\/><\/figure>\n\n\n\n<p>We're going to need a bit of Stand up Paddle training to form a team and take part in the relay. In the meantime, we're starting by supporting the event financially.<\/p>\n\n\n\n<p>Camping reverse <strong>10 euros donation to Vend\u00e9e Coeur<\/strong> for all bookings between June 13 and 16, 2024. Choose your <a href=\"https:\/\/mirabel-baiedecayola.com\/en\/apartment-rental-les-sables-d-olonne\/\" target=\"_blank\" rel=\"noreferrer noopener\">apartment<\/a> near Les Sables and you too can take part in this cause that is so dear to us.<\/p>\n\n\n\n<p>Code to add when booking online: <strong>VENDEE COEUR<\/strong><\/p>\n<\/div><\/div>\n\n\n\n<div class=\"wp-block-media-text alignwide has-media-on-the-right is-stacked-on-mobile is-vertically-aligned-center is-image-fill-element is-style-default\"><div class=\"wp-block-media-text__content\">\n<h2 class=\"wp-block-heading\" id=\"les-cimetieres-en-hommage-a-nos-liberateurs\"><strong><strong><strong>The Vend\u00e9e Coeur program<\/strong><\/strong><\/strong><\/h2>\n\n\n\n<figure class=\"wp-block-image size-full\"><img decoding=\"async\" src=\"https:\/\/www.mirabel-baiedecayola.com\/wp-content\/uploads\/2022\/01\/barre-bleue.png\" alt=\"\" class=\"wp-image-2382\"\/><\/figure>\n\n\n\n<p>Sport and entertainment for 24 hours over 2 days, June 15 and 16.<\/p>\n\n\n\n<p>And above all, joy and good humour during this festive and participative event!<\/p>\n\n\n\n<p><strong>Saturday, June 15th&nbsp;<\/strong><\/p>\n\n\n\n<ul class=\"wp-block-list\">\n<li>1 p.m. - Start of the 24-hour Stand Up Paddle race<\/li>\n\n\n\n<li>6 to 10 p.m. - 3 solidarity concerts<\/li>\n<\/ul>\n\n\n\n<p><\/p>\n\n\n\n<p><strong>Sunday June 16th&nbsp;<\/strong><\/p>\n\n\n\n<ul class=\"wp-block-list\">\n<li>at Midnight - DJ set with DJ Paerel&nbsp;<\/li>\n\n\n\n<li>10 a.m. - Fanfare Saugrenue parade<\/li>\n<\/ul>\n<\/div><figure class=\"wp-block-media-text__media\"><img loading=\"lazy\" decoding=\"async\" width=\"600\" height=\"530\" src=\"https:\/\/mirabel-baiedecayola.com\/wp-content\/uploads\/2024\/05\/affiche-vendee-coeur-2024.jpg\" alt=\"24H stand-up paddle at the Vend\u00e9e C\u0153ur\" class=\"wp-image-16403 size-full\" style=\"object-position:50% 50%\" srcset=\"https:\/\/mirabel-baiedecayola.com\/wp-content\/uploads\/2024\/05\/affiche-vendee-coeur-2024.jpg 600w, https:\/\/mirabel-baiedecayola.com\/wp-content\/uploads\/2024\/05\/affiche-vendee-coeur-2024-300x265.jpg 300w\" sizes=\"auto, (max-width: 600px) 100vw, 600px\" \/><\/figure><\/div>\n\n\n\n<p class=\"has-text-align-center texte-rond mt-5 has-large-font-size\">Discover the campsite<\/p>\n\n\n\n<div class=\"wp-block-columns front-page-section grey is-layout-flex wp-container-core-columns-is-layout-28f84493 wp-block-columns-is-layout-flex\">\n<div class=\"wp-block-column is-layout-flow wp-block-column-is-layout-flow\"><\/div>\n\n\n\n<div class=\"wp-block-column is-vertically-aligned-center is-layout-flow wp-block-column-is-layout-flow\">\n<div class=\"wp-block-create-block-sevgutenberg-navigation\"><aside class=\"encart-sev-navigation small carre\"><a href=\"https:\/\/mirabel-baiedecayola.com\/en\/events-july-august\/\" class=\"d-flex flex-column align-items-center\"><div class=\"encart-title\"><span>Entertainment<\/span><\/div><div class=\"vague\"><\/div><img decoding=\"async\" src=\"https:\/\/www.mirabel-baiedecayola.com\/wp-content\/uploads\/2022\/04\/HEADER_ANIMATION_OLYMPIADES_CAYOLA-1.jpg\" alt=\"entertainment at the campsite in vendee\"\/><div class=\"ligne\"><\/div><div class=\"hover\"><\/div><\/a><\/aside><\/div>\n<\/div>\n\n\n\n<div class=\"wp-block-column is-layout-flow wp-block-column-is-layout-flow\">\n<div class=\"wp-block-create-block-sevgutenberg-navigation\"><aside class=\"encart-sev-navigation small carre\"><a href=\"https:\/\/mirabel-baiedecayola.com\/en\/camping-les-sables-dolonne\/\" class=\"d-flex flex-column align-items-center\"><div class=\"encart-title\"><span>Les Sables d'Olonne<\/span><\/div><div class=\"vague\"><\/div><img decoding=\"async\" src=\"https:\/\/www.mirabel-baiedecayola.com\/wp-content\/uploads\/2022\/04\/restaurant-sur-la-plage-sables-dolonne.jpg\" alt=\"beachside restaurant bar in sables d&#039;olonne\"\/><div class=\"ligne\"><\/div><div class=\"hover\"><\/div><\/a><\/aside><\/div>\n<\/div>\n\n\n\n<div class=\"wp-block-column is-layout-flow wp-block-column-is-layout-flow\">\n<div class=\"wp-block-create-block-sevgutenberg-navigation\"><aside class=\"encart-sev-navigation small carre\"><a href=\"https:\/\/mirabel-baiedecayola.com\/en\/camping-vendee-services-4-etoiles\/\" class=\"d-flex flex-column align-items-center\"><div class=\"encart-title\"><span>Our services<\/span><\/div><div class=\"vague\"><\/div><img decoding=\"async\" src=\"https:\/\/www.mirabel-baiedecayola.com\/wp-content\/uploads\/2022\/04\/accueil-reception-vacanciers.jpg\" alt=\"accueil camping ***\"\/><div class=\"ligne\"><\/div><div class=\"hover\"><\/div><\/a><\/aside><\/div>\n<\/div>\n\n\n\n<div class=\"wp-block-column is-layout-flow wp-block-column-is-layout-flow\"><\/div>\n<\/div>","protected":false},"excerpt":{"rendered":"<p>Mirabel soutient Le Vend\u00e9e C\u0153ur &#8211; l&rsquo;\u00e9v\u00e8nement solidaire des Sables d&rsquo;Olonne Le camping La Baie de Cayola se mobilise pour [&hellip;]<\/p>\n","protected":false},"author":4,"featured_media":0,"parent":0,"menu_order":0,"comment_status":"closed","ping_status":"closed","template":"","meta":{"_seopress_robots_primary_cat":"","_seopress_titles_title":"Mirabel soutient Le Vend\u00e9e C\u0153ur - l'\u00e9v\u00e8nement solidaire des Sables d'Olonne","_seopress_titles_desc":"","_seopress_robots_index":"","footnotes":""},"class_list":["post-16387","page","type-page","status-publish","hentry"],"_links":{"self":[{"href":"https:\/\/mirabel-baiedecayola.com\/en\/wp-json\/wp\/v2\/pages\/16387","targetHints":{"allow":["GET"]}}],"collection":[{"href":"https:\/\/mirabel-baiedecayola.com\/en\/wp-json\/wp\/v2\/pages"}],"about":[{"href":"https:\/\/mirabel-baiedecayola.com\/en\/wp-json\/wp\/v2\/types\/page"}],"author":[{"embeddable":true,"href":"https:\/\/mirabel-baiedecayola.com\/en\/wp-json\/wp\/v2\/users\/4"}],"replies":[{"embeddable":true,"href":"https:\/\/mirabel-baiedecayola.com\/en\/wp-json\/wp\/v2\/comments?post=16387"}],"version-history":[{"count":16,"href":"https:\/\/mirabel-baiedecayola.com\/en\/wp-json\/wp\/v2\/pages\/16387\/revisions"}],"predecessor-version":[{"id":17351,"href":"https:\/\/mirabel-baiedecayola.com\/en\/wp-json\/wp\/v2\/pages\/16387\/revisions\/17351"}],"wp:attachment":[{"href":"https:\/\/mirabel-baiedecayola.com\/en\/wp-json\/wp\/v2\/media?parent=16387"}],"curies":[{"name":"wp","href":"https:\/\/api.w.org\/{rel}","templated":true}]}}

The Vendée Cœur

<h1 class="wp-block-heading" id="les-plages-du-debarquement-en-normandie-terre-de-liberte"><strong>Mirabel supports Le Vendée Cœur - the solidarity event in Les Sables d'Olonne</strong></h1>



<div class="wp-block-group is-layout-flow wp-block-group-is-layout-flow">
<p class="has-text-align-center">La Baie de Cayola campsite rallies for the fifth Vendée Coeur event</p>



<figure class="wp-block-image aligncenter size-full is-resized"><img decoding="async" src="https://www.mirabel-baiedecayola.com/wp-content/uploads/2022/01/barre-bleue.png" alt="" class="wp-image-2382" style="width:50px;height:8px"/></figure>
</div>



<div class="wp-block-media-text alignwide has-media-on-the-right is-stacked-on-mobile is-vertically-aligned-center is-image-fill-element is-style-default"><div class="wp-block-media-text__content">
<p class="texte-rond has-orange-color has-text-color has-large-font-size" id="de-belles-histoires-a-vous-raconter">What is the Vendée Cœur?</p>



<p>This year, we met with the heads of the association <a href="https://vendee.coeur-fde.fr/" target="_blank" rel="noreferrer noopener">Vendée Coeur</a>. L’<strong>sports, music and solidarity event</strong> supports a very worthy cause: putting smiles back on the faces of sick children. Every year, Vendée Cœur collects donations which are redistributed to various associations.&nbsp;</p>



<p>In 2024, 3 associations are supported by the event. The association <strong>premiers de cordée</strong> was chosen for its commitment to hospitalized sick children. The association offers sports initiations in hospitals. Part of the proceeds will also go to AVLC, the’<strong>Association Vendéenne de Lutte contre le Cancer (Vendée Cancer Association)</strong> and <strong>The Camino de l'Espoi</strong>r, which helps children with motor or sensory difficulties. We were touched by the cause and the spirit of generosity and conviviality of the event. The campsite and its entire team are delighted to become <strong>partner of Vendée Cœur</strong> !</p>
</div><figure class="wp-block-media-text__media"><a href="https://vendee.coeur-fde.fr/faire-un-don"><img loading="lazy" decoding="async" width="600" height="400" src="https://mirabel-baiedecayola.com/wp-content/uploads/2024/05/logo-vendee-coeur.jpg" alt="vendee coeur le sport solidaire" class="wp-image-16407 size-full" style="object-position:50% 50%" srcset="https://mirabel-baiedecayola.com/wp-content/uploads/2024/05/logo-vendee-coeur.jpg 600w, https://mirabel-baiedecayola.com/wp-content/uploads/2024/05/logo-vendee-coeur-300x200.jpg 300w" sizes="auto, (max-width: 600px) 100vw, 600px" /></a></figure></div>



<div style="height:40px" aria-hidden="true" class="wp-block-spacer"></div>



<div class="wp-block-media-text alignwide is-stacked-on-mobile is-vertically-aligned-center is-image-fill-element animate front-page-section grey"><figure class="wp-block-media-text__media"><a href="https://vendee.coeur-fde.fr/faire-un-don"><img loading="lazy" decoding="async" width="600" height="407" src="https://mirabel-baiedecayola.com/wp-content/uploads/2024/05/course-dons-vendee-coeur.jpg" alt="" class="wp-image-16399 size-full" style="object-position:50% 50%" srcset="https://mirabel-baiedecayola.com/wp-content/uploads/2024/05/course-dons-vendee-coeur.jpg 600w, https://mirabel-baiedecayola.com/wp-content/uploads/2024/05/course-dons-vendee-coeur-300x204.jpg 300w" sizes="auto, (max-width: 600px) 100vw, 600px" /></a></figure><div class="wp-block-media-text__content">
<h2 class="wp-block-heading" id="une-ville-active-pour-vos-achats-et-vos-sorties"><strong><strong>The race for donations is on </strong></strong>!</h2>



<figure class="wp-block-image size-full"><img decoding="async" src="https://www.mirabel-baiedecayola.com/wp-content/uploads/2022/01/barre-bleue.png" alt="" class="wp-image-2382"/></figure>



<p>We're going to need a bit of Stand up Paddle training to form a team and take part in the relay. In the meantime, we're starting by supporting the event financially.</p>



<p>Camping reverse <strong>10 euros donation to Vendée Coeur</strong> for all bookings between June 13 and 16, 2024. Choose your <a href="https://mirabel-baiedecayola.com/en/apartment-rental-les-sables-d-olonne/" target="_blank" rel="noreferrer noopener">apartment</a> near Les Sables and you too can take part in this cause that is so dear to us.</p>



<p>Code to add when booking online: <strong>VENDEE COEUR</strong></p>
</div></div>



<div class="wp-block-media-text alignwide has-media-on-the-right is-stacked-on-mobile is-vertically-aligned-center is-image-fill-element is-style-default"><div class="wp-block-media-text__content">
<h2 class="wp-block-heading" id="les-cimetieres-en-hommage-a-nos-liberateurs"><strong><strong><strong>The Vendée Coeur program</strong></strong></strong></h2>



<figure class="wp-block-image size-full"><img decoding="async" src="https://www.mirabel-baiedecayola.com/wp-content/uploads/2022/01/barre-bleue.png" alt="" class="wp-image-2382"/></figure>



<p>Sport and entertainment for 24 hours over 2 days, June 15 and 16.</p>



<p>And above all, joy and good humour during this festive and participative event!</p>



<p><strong>Saturday, June 15th&nbsp;</strong></p>



<ul class="wp-block-list">
<li>1 p.m. - Start of the 24-hour Stand Up Paddle race</li>



<li>6 to 10 p.m. - 3 solidarity concerts</li>
</ul>



<p></p>



<p><strong>Sunday June 16th&nbsp;</strong></p>



<ul class="wp-block-list">
<li>at Midnight - DJ set with DJ Paerel&nbsp;</li>



<li>10 a.m. - Fanfare Saugrenue parade</li>
</ul>
</div><figure class="wp-block-media-text__media"><img loading="lazy" decoding="async" width="600" height="530" src="https://mirabel-baiedecayola.com/wp-content/uploads/2024/05/affiche-vendee-coeur-2024.jpg" alt="24H stand-up paddle at the Vendée Cœur" class="wp-image-16403 size-full" style="object-position:50% 50%" srcset="https://mirabel-baiedecayola.com/wp-content/uploads/2024/05/affiche-vendee-coeur-2024.jpg 600w, https://mirabel-baiedecayola.com/wp-content/uploads/2024/05/affiche-vendee-coeur-2024-300x265.jpg 300w" sizes="auto, (max-width: 600px) 100vw, 600px" /></figure></div>



<p class="has-text-align-center texte-rond mt-5 has-large-font-size">Discover the campsite</p>



<div class="wp-block-columns front-page-section grey is-layout-flex wp-container-core-columns-is-layout-28f84493 wp-block-columns-is-layout-flex">
<div class="wp-block-column is-layout-flow wp-block-column-is-layout-flow"></div>



<div class="wp-block-column is-vertically-aligned-center is-layout-flow wp-block-column-is-layout-flow">
<div class="wp-block-create-block-sevgutenberg-navigation"><aside class="encart-sev-navigation small carre"><a href="https://mirabel-baiedecayola.com/en/events-july-august/" class="d-flex flex-column align-items-center"><div class="encart-title"><span>Entertainment</span></div><div class="vague"></div><img decoding="async" src="https://www.mirabel-baiedecayola.com/wp-content/uploads/2022/04/HEADER_ANIMATION_OLYMPIADES_CAYOLA-1.jpg" alt="entertainment at the campsite in vendee"/><div class="ligne"></div><div class="hover"></div></a></aside></div>
</div>



<div class="wp-block-column is-layout-flow wp-block-column-is-layout-flow">
<div class="wp-block-create-block-sevgutenberg-navigation"><aside class="encart-sev-navigation small carre"><a href="https://mirabel-baiedecayola.com/en/camping-les-sables-dolonne/" class="d-flex flex-column align-items-center"><div class="encart-title"><span>Les Sables d'Olonne</span></div><div class="vague"></div><img decoding="async" src="https://www.mirabel-baiedecayola.com/wp-content/uploads/2022/04/restaurant-sur-la-plage-sables-dolonne.jpg" alt="beachside restaurant bar in sables d&#039;olonne"/><div class="ligne"></div><div class="hover"></div></a></aside></div>
</div>



<div class="wp-block-column is-layout-flow wp-block-column-is-layout-flow">
<div class="wp-block-create-block-sevgutenberg-navigation"><aside class="encart-sev-navigation small carre"><a href="https://mirabel-baiedecayola.com/en/camping-vendee-services-4-etoiles/" class="d-flex flex-column align-items-center"><div class="encart-title"><span>Our services</span></div><div class="vague"></div><img decoding="async" src="https://www.mirabel-baiedecayola.com/wp-content/uploads/2022/04/accueil-reception-vacanciers.jpg" alt="accueil camping ***"/><div class="ligne"></div><div class="hover"></div></a></aside></div>
</div>



<div class="wp-block-column is-layout-flow wp-block-column-is-layout-flow"></div>
</div>

<p>Mirabel soutient Le Vendée Cœur &#8211; l&rsquo;évènement solidaire des Sables d&rsquo;Olonne Le camping La Baie de Cayola se mobilise pour [&hellip;]</p>

Mirabel soutient Le Vendée Cœur - l'évènement solidaire des Sables d'Olonne
