{"id":16387,"date":"2024-05-31T17:27:20","date_gmt":"2024-05-31T15:27:20","guid":{"rendered":"https:\/\/mirabel-baiedecayola.com\/?page_id=16387"},"modified":"2025-11-07T16:38:30","modified_gmt":"2025-11-07T15:38:30","slug":"le-vendee-coeur","status":"publish","type":"page","link":"https:\/\/mirabel-baiedecayola.com\/nl\/le-vendee-coeur\/","title":{"rendered":"De koepel van de Vend\u00e9e"},"content":{"rendered":"<h1 class=\"wp-block-heading\" id=\"les-plages-du-debarquement-en-normandie-terre-de-liberte\"><strong>Mirabel steunt Le Vend\u00e9e C\u0153ur - het solidariteitsevenement in Les Sables d'Olonne<\/strong><\/h1>\n\n\n\n<div class=\"wp-block-group is-layout-flow wp-block-group-is-layout-flow\">\n<p class=\"has-text-align-center\">Camping La Baie de Cayola neemt deel aan het vijfde evenement Vend\u00e9e Coeur<\/p>\n\n\n\n<figure class=\"wp-block-image aligncenter size-full is-resized\"><img decoding=\"async\" src=\"https:\/\/www.mirabel-baiedecayola.com\/wp-content\/uploads\/2022\/01\/barre-bleue.png\" alt=\"\" class=\"wp-image-2382\" style=\"width:50px;height:8px\"\/><\/figure>\n<\/div>\n\n\n\n<div class=\"wp-block-media-text alignwide has-media-on-the-right is-stacked-on-mobile is-vertically-aligned-center is-image-fill-element is-style-default\"><div class=\"wp-block-media-text__content\">\n<p class=\"texte-rond has-orange-color has-text-color has-large-font-size\" id=\"de-belles-histoires-a-vous-raconter\">Wat is de Vend\u00e9e Coeur?<\/p>\n\n\n\n<p>Dit jaar hadden we een ontmoeting met de hoofden van de vereniging <a href=\"https:\/\/vendee.coeur-fde.fr\/\" target=\"_blank\" rel=\"noreferrer noopener\">Vend\u00e9e Coeur<\/a>. L\u2019<strong>solidariteit, sport- en muziekevenement<\/strong> steunt een prachtig doel: een glimlach terugbrengen op de gezichten van zieke kinderen. Elk jaar zamelt Vend\u00e9e C\u0153ur donaties in die worden herverdeeld onder goede doelen.&nbsp;<\/p>\n\n\n\n<p>In 2024 worden 3 verenigingen ondersteund door het evenement. De vereniging <strong>eerste van het touw<\/strong> werd gekozen vanwege haar inzet voor zieke kinderen in het ziekenhuis. De vereniging biedt inleidende sportcursussen aan in het ziekenhuis. Een deel van de donaties gaat ook naar AVLC, de Franse liefdadigheidsinstelling voor kinderen in het ziekenhuis.\u2019<strong>Vereniging Vend\u00e9e voor de strijd tegen kanker<\/strong> en <strong>De Camino de l'Espoi<\/strong>r, dat kinderen met motorische of zintuiglijke problemen helpt. We waren geraakt door het goede doel en de geest van vrijgevigheid en gezelligheid van het evenement. De camping en zijn hele team zijn verheugd sponsor van het evenement te worden. <strong>partner van Vend\u00e9e C\u0153ur<\/strong> !<\/p>\n<\/div><figure class=\"wp-block-media-text__media\"><a href=\"https:\/\/vendee.coeur-fde.fr\/faire-un-don\"><img loading=\"lazy\" decoding=\"async\" width=\"600\" height=\"400\" src=\"https:\/\/mirabel-baiedecayola.com\/wp-content\/uploads\/2024\/05\/logo-vendee-coeur.jpg\" alt=\"vendee coeur le sport solidaire\" class=\"wp-image-16407 size-full\" style=\"object-position:50% 50%\" srcset=\"https:\/\/mirabel-baiedecayola.com\/wp-content\/uploads\/2024\/05\/logo-vendee-coeur.jpg 600w, https:\/\/mirabel-baiedecayola.com\/wp-content\/uploads\/2024\/05\/logo-vendee-coeur-300x200.jpg 300w\" sizes=\"auto, (max-width: 600px) 100vw, 600px\" \/><\/a><\/figure><\/div>\n\n\n\n<div style=\"height:40px\" aria-hidden=\"true\" class=\"wp-block-spacer\"><\/div>\n\n\n\n<div class=\"wp-block-media-text alignwide is-stacked-on-mobile is-vertically-aligned-center is-image-fill-element animate front-page-section grey\"><figure class=\"wp-block-media-text__media\"><a href=\"https:\/\/vendee.coeur-fde.fr\/faire-un-don\"><img loading=\"lazy\" decoding=\"async\" width=\"600\" height=\"407\" src=\"https:\/\/mirabel-baiedecayola.com\/wp-content\/uploads\/2024\/05\/course-dons-vendee-coeur.jpg\" alt=\"\" class=\"wp-image-16399 size-full\" style=\"object-position:50% 50%\" srcset=\"https:\/\/mirabel-baiedecayola.com\/wp-content\/uploads\/2024\/05\/course-dons-vendee-coeur.jpg 600w, https:\/\/mirabel-baiedecayola.com\/wp-content\/uploads\/2024\/05\/course-dons-vendee-coeur-300x204.jpg 300w\" sizes=\"auto, (max-width: 600px) 100vw, 600px\" \/><\/a><\/figure><div class=\"wp-block-media-text__content\">\n<h2 class=\"wp-block-heading\" id=\"une-ville-active-pour-vos-achats-et-vos-sorties\"><strong><strong>De race om donaties is begonnen <\/strong><\/strong>!<\/h2>\n\n\n\n<figure class=\"wp-block-image size-full\"><img decoding=\"async\" src=\"https:\/\/www.mirabel-baiedecayola.com\/wp-content\/uploads\/2022\/01\/barre-bleue.png\" alt=\"\" class=\"wp-image-2382\"\/><\/figure>\n\n\n\n<p>Je zult een beetje Stand Up Paddle-training moeten doen om een team te vormen en deel te nemen aan de estafette. Dus in de tussentijd beginnen we met het evenement financieel te steunen.<\/p>\n\n\n\n<p>Omgekeerde camping <strong>10 donatie aan Vend\u00e9e Coeur<\/strong> voor alle boekingen tussen 13 en 16 juni 2024. Kies uw <a href=\"https:\/\/mirabel-baiedecayola.com\/nl\/verhuur-appartement-les-sables-d-olonne\/\" target=\"_blank\" rel=\"noreferrer noopener\">appartement<\/a> in de buurt van Les Sables en ook jij kunt deelnemen aan dit doel dat zo belangrijk voor ons is.<\/p>\n\n\n\n<p>Code om toe te voegen als je online boekt: <strong>VENDEE KOER<\/strong><\/p>\n<\/div><\/div>\n\n\n\n<div class=\"wp-block-media-text alignwide has-media-on-the-right is-stacked-on-mobile is-vertically-aligned-center is-image-fill-element is-style-default\"><div class=\"wp-block-media-text__content\">\n<h2 class=\"wp-block-heading\" id=\"les-cimetieres-en-hommage-a-nos-liberateurs\"><strong><strong><strong>Het programma Vend\u00e9e Coeur<\/strong><\/strong><\/strong><\/h2>\n\n\n\n<figure class=\"wp-block-image size-full\"><img decoding=\"async\" src=\"https:\/\/www.mirabel-baiedecayola.com\/wp-content\/uploads\/2022\/01\/barre-bleue.png\" alt=\"\" class=\"wp-image-2382\"\/><\/figure>\n\n\n\n<p>24 uur lang sport en entertainment gedurende 2 dagen op 15 en 16 juni.<\/p>\n\n\n\n<p>En vooral veel plezier en humor tijdens dit feestelijke en participatieve evenement!<\/p>\n\n\n\n<p><strong>Zaterdag 15 juni&nbsp;<\/strong><\/p>\n\n\n\n<ul class=\"wp-block-list\">\n<li>13.00 uur - Start van de 24-uurs Stand Up Paddle-race<\/li>\n\n\n\n<li>18u tot 22u - 3 solidariteitsconcerten<\/li>\n<\/ul>\n\n\n\n<p><\/p>\n\n\n\n<p><strong>Zondag 16 juni&nbsp;<\/strong><\/p>\n\n\n\n<ul class=\"wp-block-list\">\n<li>om middernacht - DJ-set met DJ Paerel&nbsp;<\/li>\n\n\n\n<li>10.00 uur - Fanfare Saugrenue op pad<\/li>\n<\/ul>\n<\/div><figure class=\"wp-block-media-text__media\"><img loading=\"lazy\" decoding=\"async\" width=\"600\" height=\"530\" src=\"https:\/\/mirabel-baiedecayola.com\/wp-content\/uploads\/2024\/05\/affiche-vendee-coeur-2024.jpg\" alt=\"24H stand-up paddle op de Vend\u00e9e C\u0153ur\" class=\"wp-image-16403 size-full\" style=\"object-position:50% 50%\" srcset=\"https:\/\/mirabel-baiedecayola.com\/wp-content\/uploads\/2024\/05\/affiche-vendee-coeur-2024.jpg 600w, https:\/\/mirabel-baiedecayola.com\/wp-content\/uploads\/2024\/05\/affiche-vendee-coeur-2024-300x265.jpg 300w\" sizes=\"auto, (max-width: 600px) 100vw, 600px\" \/><\/figure><\/div>\n\n\n\n<p class=\"has-text-align-center texte-rond mt-5 has-large-font-size\">Ontdek de camping<\/p>\n\n\n\n<div class=\"wp-block-columns front-page-section grey is-layout-flex wp-container-core-columns-is-layout-28f84493 wp-block-columns-is-layout-flex\">\n<div class=\"wp-block-column is-layout-flow wp-block-column-is-layout-flow\"><\/div>\n\n\n\n<div class=\"wp-block-column is-vertically-aligned-center is-layout-flow wp-block-column-is-layout-flow\">\n<div class=\"wp-block-create-block-sevgutenberg-navigation\"><aside class=\"encart-sev-navigation small carre\"><a href=\"https:\/\/mirabel-baiedecayola.com\/nl\/evenementen-juli-augustus\/\" class=\"d-flex flex-column align-items-center\"><div class=\"encart-title\"><span>Amusement<\/span><\/div><div class=\"vague\"><\/div><img decoding=\"async\" src=\"https:\/\/www.mirabel-baiedecayola.com\/wp-content\/uploads\/2022\/04\/HEADER_ANIMATION_OLYMPIADES_CAYOLA-1.jpg\" alt=\"animaties op de camping in de Vend\u00e9e\"\/><div class=\"ligne\"><\/div><div class=\"hover\"><\/div><\/a><\/aside><\/div>\n<\/div>\n\n\n\n<div class=\"wp-block-column is-layout-flow wp-block-column-is-layout-flow\">\n<div class=\"wp-block-create-block-sevgutenberg-navigation\"><aside class=\"encart-sev-navigation small carre\"><a href=\"https:\/\/mirabel-baiedecayola.com\/nl\/camping-les-sables-dolonne\/\" class=\"d-flex flex-column align-items-center\"><div class=\"encart-title\"><span>Sables d'Olonne<\/span><\/div><div class=\"vague\"><\/div><img decoding=\"async\" src=\"https:\/\/www.mirabel-baiedecayola.com\/wp-content\/uploads\/2022\/04\/restaurant-sur-la-plage-sables-dolonne.jpg\" alt=\"restaurant aan het strand in les sables d&#039;olonne\"\/><div class=\"ligne\"><\/div><div class=\"hover\"><\/div><\/a><\/aside><\/div>\n<\/div>\n\n\n\n<div class=\"wp-block-column is-layout-flow wp-block-column-is-layout-flow\">\n<div class=\"wp-block-create-block-sevgutenberg-navigation\"><aside class=\"encart-sev-navigation small carre\"><a href=\"https:\/\/mirabel-baiedecayola.com\/nl\/4-sterren-camping-vendee-diensten\/\" class=\"d-flex flex-column align-items-center\"><div class=\"encart-title\"><span>Onze diensten<\/span><\/div><div class=\"vague\"><\/div><img decoding=\"async\" src=\"https:\/\/www.mirabel-baiedecayola.com\/wp-content\/uploads\/2022\/04\/accueil-reception-vacanciers.jpg\" alt=\"welkom camping ***\"\/><div class=\"ligne\"><\/div><div class=\"hover\"><\/div><\/a><\/aside><\/div>\n<\/div>\n\n\n\n<div class=\"wp-block-column is-layout-flow wp-block-column-is-layout-flow\"><\/div>\n<\/div>","protected":false},"excerpt":{"rendered":"<p>Mirabel soutient Le Vend\u00e9e C\u0153ur &#8211; l&rsquo;\u00e9v\u00e8nement solidaire des Sables d&rsquo;Olonne Le camping La Baie de Cayola se mobilise pour [&hellip;]<\/p>\n","protected":false},"author":4,"featured_media":0,"parent":0,"menu_order":0,"comment_status":"closed","ping_status":"closed","template":"","meta":{"_seopress_robots_primary_cat":"","_seopress_titles_title":"Mirabel soutient Le Vend\u00e9e C\u0153ur - l'\u00e9v\u00e8nement solidaire des Sables d'Olonne","_seopress_titles_desc":"","_seopress_robots_index":"","footnotes":""},"class_list":["post-16387","page","type-page","status-publish","hentry"],"_links":{"self":[{"href":"https:\/\/mirabel-baiedecayola.com\/nl\/wp-json\/wp\/v2\/pages\/16387","targetHints":{"allow":["GET"]}}],"collection":[{"href":"https:\/\/mirabel-baiedecayola.com\/nl\/wp-json\/wp\/v2\/pages"}],"about":[{"href":"https:\/\/mirabel-baiedecayola.com\/nl\/wp-json\/wp\/v2\/types\/page"}],"author":[{"embeddable":true,"href":"https:\/\/mirabel-baiedecayola.com\/nl\/wp-json\/wp\/v2\/users\/4"}],"replies":[{"embeddable":true,"href":"https:\/\/mirabel-baiedecayola.com\/nl\/wp-json\/wp\/v2\/comments?post=16387"}],"version-history":[{"count":16,"href":"https:\/\/mirabel-baiedecayola.com\/nl\/wp-json\/wp\/v2\/pages\/16387\/revisions"}],"predecessor-version":[{"id":17351,"href":"https:\/\/mirabel-baiedecayola.com\/nl\/wp-json\/wp\/v2\/pages\/16387\/revisions\/17351"}],"wp:attachment":[{"href":"https:\/\/mirabel-baiedecayola.com\/nl\/wp-json\/wp\/v2\/media?parent=16387"}],"curies":[{"name":"wp","href":"https:\/\/api.w.org\/{rel}","templated":true}]}}

De koepel van de Vendée

<h1 class="wp-block-heading" id="les-plages-du-debarquement-en-normandie-terre-de-liberte"><strong>Mirabel steunt Le Vendée Cœur - het solidariteitsevenement in Les Sables d'Olonne</strong></h1>



<div class="wp-block-group is-layout-flow wp-block-group-is-layout-flow">
<p class="has-text-align-center">Camping La Baie de Cayola neemt deel aan het vijfde evenement Vendée Coeur</p>



<figure class="wp-block-image aligncenter size-full is-resized"><img decoding="async" src="https://www.mirabel-baiedecayola.com/wp-content/uploads/2022/01/barre-bleue.png" alt="" class="wp-image-2382" style="width:50px;height:8px"/></figure>
</div>



<div class="wp-block-media-text alignwide has-media-on-the-right is-stacked-on-mobile is-vertically-aligned-center is-image-fill-element is-style-default"><div class="wp-block-media-text__content">
<p class="texte-rond has-orange-color has-text-color has-large-font-size" id="de-belles-histoires-a-vous-raconter">Wat is de Vendée Coeur?</p>



<p>Dit jaar hadden we een ontmoeting met de hoofden van de vereniging <a href="https://vendee.coeur-fde.fr/" target="_blank" rel="noreferrer noopener">Vendée Coeur</a>. L’<strong>solidariteit, sport- en muziekevenement</strong> steunt een prachtig doel: een glimlach terugbrengen op de gezichten van zieke kinderen. Elk jaar zamelt Vendée Cœur donaties in die worden herverdeeld onder goede doelen.&nbsp;</p>



<p>In 2024 worden 3 verenigingen ondersteund door het evenement. De vereniging <strong>eerste van het touw</strong> werd gekozen vanwege haar inzet voor zieke kinderen in het ziekenhuis. De vereniging biedt inleidende sportcursussen aan in het ziekenhuis. Een deel van de donaties gaat ook naar AVLC, de Franse liefdadigheidsinstelling voor kinderen in het ziekenhuis.’<strong>Vereniging Vendée voor de strijd tegen kanker</strong> en <strong>De Camino de l'Espoi</strong>r, dat kinderen met motorische of zintuiglijke problemen helpt. We waren geraakt door het goede doel en de geest van vrijgevigheid en gezelligheid van het evenement. De camping en zijn hele team zijn verheugd sponsor van het evenement te worden. <strong>partner van Vendée Cœur</strong> !</p>
</div><figure class="wp-block-media-text__media"><a href="https://vendee.coeur-fde.fr/faire-un-don"><img loading="lazy" decoding="async" width="600" height="400" src="https://mirabel-baiedecayola.com/wp-content/uploads/2024/05/logo-vendee-coeur.jpg" alt="vendee coeur le sport solidaire" class="wp-image-16407 size-full" style="object-position:50% 50%" srcset="https://mirabel-baiedecayola.com/wp-content/uploads/2024/05/logo-vendee-coeur.jpg 600w, https://mirabel-baiedecayola.com/wp-content/uploads/2024/05/logo-vendee-coeur-300x200.jpg 300w" sizes="auto, (max-width: 600px) 100vw, 600px" /></a></figure></div>



<div style="height:40px" aria-hidden="true" class="wp-block-spacer"></div>



<div class="wp-block-media-text alignwide is-stacked-on-mobile is-vertically-aligned-center is-image-fill-element animate front-page-section grey"><figure class="wp-block-media-text__media"><a href="https://vendee.coeur-fde.fr/faire-un-don"><img loading="lazy" decoding="async" width="600" height="407" src="https://mirabel-baiedecayola.com/wp-content/uploads/2024/05/course-dons-vendee-coeur.jpg" alt="" class="wp-image-16399 size-full" style="object-position:50% 50%" srcset="https://mirabel-baiedecayola.com/wp-content/uploads/2024/05/course-dons-vendee-coeur.jpg 600w, https://mirabel-baiedecayola.com/wp-content/uploads/2024/05/course-dons-vendee-coeur-300x204.jpg 300w" sizes="auto, (max-width: 600px) 100vw, 600px" /></a></figure><div class="wp-block-media-text__content">
<h2 class="wp-block-heading" id="une-ville-active-pour-vos-achats-et-vos-sorties"><strong><strong>De race om donaties is begonnen </strong></strong>!</h2>



<figure class="wp-block-image size-full"><img decoding="async" src="https://www.mirabel-baiedecayola.com/wp-content/uploads/2022/01/barre-bleue.png" alt="" class="wp-image-2382"/></figure>



<p>Je zult een beetje Stand Up Paddle-training moeten doen om een team te vormen en deel te nemen aan de estafette. Dus in de tussentijd beginnen we met het evenement financieel te steunen.</p>



<p>Omgekeerde camping <strong>10 donatie aan Vendée Coeur</strong> voor alle boekingen tussen 13 en 16 juni 2024. Kies uw <a href="https://mirabel-baiedecayola.com/nl/verhuur-appartement-les-sables-d-olonne/" target="_blank" rel="noreferrer noopener">appartement</a> in de buurt van Les Sables en ook jij kunt deelnemen aan dit doel dat zo belangrijk voor ons is.</p>



<p>Code om toe te voegen als je online boekt: <strong>VENDEE KOER</strong></p>
</div></div>



<div class="wp-block-media-text alignwide has-media-on-the-right is-stacked-on-mobile is-vertically-aligned-center is-image-fill-element is-style-default"><div class="wp-block-media-text__content">
<h2 class="wp-block-heading" id="les-cimetieres-en-hommage-a-nos-liberateurs"><strong><strong><strong>Het programma Vendée Coeur</strong></strong></strong></h2>



<figure class="wp-block-image size-full"><img decoding="async" src="https://www.mirabel-baiedecayola.com/wp-content/uploads/2022/01/barre-bleue.png" alt="" class="wp-image-2382"/></figure>



<p>24 uur lang sport en entertainment gedurende 2 dagen op 15 en 16 juni.</p>



<p>En vooral veel plezier en humor tijdens dit feestelijke en participatieve evenement!</p>



<p><strong>Zaterdag 15 juni&nbsp;</strong></p>



<ul class="wp-block-list">
<li>13.00 uur - Start van de 24-uurs Stand Up Paddle-race</li>



<li>18u tot 22u - 3 solidariteitsconcerten</li>
</ul>



<p></p>



<p><strong>Zondag 16 juni&nbsp;</strong></p>



<ul class="wp-block-list">
<li>om middernacht - DJ-set met DJ Paerel&nbsp;</li>



<li>10.00 uur - Fanfare Saugrenue op pad</li>
</ul>
</div><figure class="wp-block-media-text__media"><img loading="lazy" decoding="async" width="600" height="530" src="https://mirabel-baiedecayola.com/wp-content/uploads/2024/05/affiche-vendee-coeur-2024.jpg" alt="24H stand-up paddle op de Vendée Cœur" class="wp-image-16403 size-full" style="object-position:50% 50%" srcset="https://mirabel-baiedecayola.com/wp-content/uploads/2024/05/affiche-vendee-coeur-2024.jpg 600w, https://mirabel-baiedecayola.com/wp-content/uploads/2024/05/affiche-vendee-coeur-2024-300x265.jpg 300w" sizes="auto, (max-width: 600px) 100vw, 600px" /></figure></div>



<p class="has-text-align-center texte-rond mt-5 has-large-font-size">Ontdek de camping</p>



<div class="wp-block-columns front-page-section grey is-layout-flex wp-container-core-columns-is-layout-28f84493 wp-block-columns-is-layout-flex">
<div class="wp-block-column is-layout-flow wp-block-column-is-layout-flow"></div>



<div class="wp-block-column is-vertically-aligned-center is-layout-flow wp-block-column-is-layout-flow">
<div class="wp-block-create-block-sevgutenberg-navigation"><aside class="encart-sev-navigation small carre"><a href="https://mirabel-baiedecayola.com/nl/evenementen-juli-augustus/" class="d-flex flex-column align-items-center"><div class="encart-title"><span>Amusement</span></div><div class="vague"></div><img decoding="async" src="https://www.mirabel-baiedecayola.com/wp-content/uploads/2022/04/HEADER_ANIMATION_OLYMPIADES_CAYOLA-1.jpg" alt="animaties op de camping in de Vendée"/><div class="ligne"></div><div class="hover"></div></a></aside></div>
</div>



<div class="wp-block-column is-layout-flow wp-block-column-is-layout-flow">
<div class="wp-block-create-block-sevgutenberg-navigation"><aside class="encart-sev-navigation small carre"><a href="https://mirabel-baiedecayola.com/nl/camping-les-sables-dolonne/" class="d-flex flex-column align-items-center"><div class="encart-title"><span>Sables d'Olonne</span></div><div class="vague"></div><img decoding="async" src="https://www.mirabel-baiedecayola.com/wp-content/uploads/2022/04/restaurant-sur-la-plage-sables-dolonne.jpg" alt="restaurant aan het strand in les sables d&#039;olonne"/><div class="ligne"></div><div class="hover"></div></a></aside></div>
</div>



<div class="wp-block-column is-layout-flow wp-block-column-is-layout-flow">
<div class="wp-block-create-block-sevgutenberg-navigation"><aside class="encart-sev-navigation small carre"><a href="https://mirabel-baiedecayola.com/nl/4-sterren-camping-vendee-diensten/" class="d-flex flex-column align-items-center"><div class="encart-title"><span>Onze diensten</span></div><div class="vague"></div><img decoding="async" src="https://www.mirabel-baiedecayola.com/wp-content/uploads/2022/04/accueil-reception-vacanciers.jpg" alt="welkom camping ***"/><div class="ligne"></div><div class="hover"></div></a></aside></div>
</div>



<div class="wp-block-column is-layout-flow wp-block-column-is-layout-flow"></div>
</div>

<p>Mirabel soutient Le Vendée Cœur &#8211; l&rsquo;évènement solidaire des Sables d&rsquo;Olonne Le camping La Baie de Cayola se mobilise pour [&hellip;]</p>

Mirabel soutient Le Vendée Cœur - l'évènement solidaire des Sables d'Olonne
